{"id":3590,"date":"2024-06-13T21:52:20","date_gmt":"2024-06-13T21:52:20","guid":{"rendered":"https:\/\/fapol.org\/cythere\/?post_type=avada_portfolio&#038;p=3590"},"modified":"2024-06-13T23:16:40","modified_gmt":"2024-06-13T23:16:40","slug":"berger-vueltas-de-cythere","status":"publish","type":"avada_portfolio","link":"https:\/\/fapol.org\/cythere\/portfolio-items\/berger-vueltas-de-cythere\/","title":{"rendered":"BERGER &#8211; Vueltas de Cyth\u00e8re?"},"content":{"rendered":"<p><div class=\"fusion-fullwidth fullwidth-box fusion-builder-row-1 nonhundred-percent-fullwidth non-hundred-percent-height-scrolling\" style=\"--awb-border-radius-top-left:0px;--awb-border-radius-top-right:0px;--awb-border-radius-bottom-right:0px;--awb-border-radius-bottom-left:0px;--awb-flex-wrap:wrap;\" ><div class=\"fusion-builder-row fusion-row\"><div class=\"fusion-layout-column fusion_builder_column fusion-builder-column-0 fusion_builder_column_1_1 1_1 fusion-one-full fusion-column-first fusion-column-last\" style=\"--awb-bg-size:cover;\"><div class=\"fusion-column-wrapper fusion-flex-column-wrapper-legacy\"><div class=\"fusion-title title fusion-title-1 fusion-sep-none fusion-title-text fusion-title-size-four\"><h4 class=\"fusion-title-heading title-heading-left fusion-responsive-typography-calculated\" style=\"margin:0;--fontSize:30;line-height:1.1;\">Vueltas de Cyth\u00e8re?<\/h4><\/div><div class=\"fusion-sep-clear\"><\/div><div class=\"fusion-separator fusion-full-width-sep\" style=\"margin-left: auto;margin-right: auto;margin-top:20px;margin-bottom:20px;width:100%;\"><\/div><div class=\"fusion-sep-clear\"><\/div><div class=\"fusion-text fusion-text-1\" style=\"--awb-text-transform:none;\"><p style=\"font-size: 17px; font-weight: 800; font-family: Montserrat; line-height: 0.1;\">ANDREA BERGER<\/p>\n<p style=\"font-size: 17px; line-height: 0.8;\">EOL &#8211; AMP, Universidad de Buenos Aires<\/p>\n<p style=\"font-size: 17px; line-height: 0;\">bergerandrea65@gmail.com<\/p>\n<\/div><div class=\"fusion-clearfix\"><\/div><\/div><\/div><\/div><\/div><div class=\"fusion-fullwidth fullwidth-box fusion-builder-row-2 nonhundred-percent-fullwidth non-hundred-percent-height-scrolling\" style=\"--awb-border-radius-top-left:0px;--awb-border-radius-top-right:0px;--awb-border-radius-bottom-right:0px;--awb-border-radius-bottom-left:0px;--awb-margin-top:50px;--awb-flex-wrap:wrap;\" ><div class=\"fusion-builder-row fusion-row\"><div class=\"fusion-layout-column fusion_builder_column fusion-builder-column-1 fusion_builder_column_1_1 1_1 fusion-one-full fusion-column-first fusion-column-last\" style=\"--awb-bg-size:cover;\"><div class=\"fusion-column-wrapper fusion-flex-column-wrapper-legacy\"><div class=\"fusion-alignright\"><a class=\"fusion-button button-flat button-medium button-default fusion-button-default button-1 fusion-button-default-span fusion-button-default-type\" target=\"_blank\" rel=\"noopener noreferrer\" href=\"https:\/\/fapol.org\/cythere\/wp-content\/uploads\/sites\/3\/2024\/06\/BERGER-Vueltas-de-Cythere.pdf\"><i class=\"fa-download fas button-icon-left\" aria-hidden=\"true\"><\/i><span class=\"fusion-button-text\">PDF<\/span><\/a><\/div><div class=\"fusion-clearfix\"><\/div><\/div><\/div><\/div><\/div><div class=\"fusion-fullwidth fullwidth-box fusion-builder-row-3 fusion-flex-container has-pattern-background has-mask-background nonhundred-percent-fullwidth non-hundred-percent-height-scrolling\" style=\"--awb-border-radius-top-left:0px;--awb-border-radius-top-right:0px;--awb-border-radius-bottom-right:0px;--awb-border-radius-bottom-left:0px;--awb-margin-top:40px;--awb-flex-wrap:wrap;\" ><div class=\"fusion-builder-row fusion-row fusion-flex-align-items-flex-start fusion-flex-content-wrap\" style=\"max-width:1216.8px;margin-left: calc(-4% \/ 2 );margin-right: calc(-4% \/ 2 );\"><div class=\"fusion-layout-column fusion_builder_column fusion-builder-column-2 fusion_builder_column_1_1 1_1 fusion-flex-column\" style=\"--awb-bg-size:cover;--awb-width-large:100%;--awb-margin-top-large:0px;--awb-spacing-right-large:1.92%;--awb-margin-bottom-large:0px;--awb-spacing-left-large:1.92%;--awb-width-medium:100%;--awb-order-medium:0;--awb-spacing-right-medium:1.92%;--awb-spacing-left-medium:1.92%;--awb-width-small:100%;--awb-order-small:0;--awb-spacing-right-small:1.92%;--awb-spacing-left-small:1.92%;\"><div class=\"fusion-column-wrapper fusion-column-has-shadow fusion-flex-justify-content-flex-start fusion-content-layout-column\"><div class=\"fusion-text fusion-text-2\"><p style=\"text-align: justify;\"><span class=\"fusion-dropcap dropcap dropcap-boxed\" style=\"--awb-border-radius:8px;--awb-background:#F26362;\">E<\/span>n ocasi\u00f3n de la pr\u00f3xima permutaci\u00f3n de FAPOL del 22 de junio, hemos decidido hacer esta entrega especial biling\u00fce de <em>Cyth\u00e8re<\/em>?<\/p>\n<p style=\"text-align: justify;\">Compuesta por tres art\u00edculos publicados en diferentes n\u00fameros, apostamos a extender nuestras producciones para que tengan la mayor llegada posible. Es nuestro desaf\u00edo actual.<\/p>\n<p style=\"text-align: justify;\">Cada publicaci\u00f3n de la AMP son vueltas, giros que producen luz, que apuntan a despertar lo nuevo en lo no sabido, en los peque\u00f1os detalles de lo ya le\u00eddo. Es por eso que cada lectura, es una nueva lectura.<\/p>\n<p style=\"text-align: justify;\">Un primer art\u00edculo es un homenaje a Mario Elkin Ramirez (<em>NELcf) <\/em>fallecido recientemente. Mario fue el responsable de la direcci\u00f3n editorial de <em>Cyth\u00e8re<\/em> durante los a\u00f1os 2021-2022. Ha sido Profesor en el Departamento de Psicoan\u00e1lisis de la Universidad de Antioquia, Colombia. El texto que sali\u00f3 publicado en el n\u00famero 3, articula, con fineza, las nociones de acontecimiento de cuerpo, trauma <em>y lalengua<\/em> en el an\u00e1lisis de un fragmento de testimonio de una excombatiente de un grupo guerrillero colombiano. Le dedicamos a Mario nuestro m\u00e1s afectuoso reconocimiento.<\/p>\n<p style=\"text-align: justify;\">El segundo de los art\u00edculos es de Silvia E. Tendlarz (EOL), de tinte acad\u00e9mico fiel al esp\u00edritu de nuestra revista, con un tema actual y convocante: el autismo y la forclusi\u00f3n que conlleva.<\/p>\n<p style=\"text-align: justify;\">El tercero, de Cleyton Andrade (EBP), un texto provocador que pone en juego aristas aun poco tratadas entre nosotros: la incidencia del color del analista en el seno de las Universidades en Brasil.<\/p>\n<p style=\"text-align: justify;\">Esperamos entonces, que el lector pueda recorrer estos tres art\u00edculos, se entusiasme y contin\u00fae con el resto de los textos que componen los seis incre\u00edbles n\u00fameros que ya est\u00e1n <em>online <\/em>en <a href=\"https:\/\/fapol.org\/cythere\/\">https:\/\/fapol.org\/cythere\/<\/a><\/p>\n<p style=\"text-align: justify;\">Como siempre, nos orienta fortalecer el intercambio federativo, tanto entre las tres Escuelas de Am\u00e9rica, como en la relaci\u00f3n Escuela-Universidad de cada lugar.<\/p>\n<p style=\"text-align: justify;\">Les deseamos buena lectura.<\/p>\n<p style=\"text-align: justify;\"><strong>Andrea Berger<\/strong><br \/>\nDirectora Editorial<\/p>\n<\/div><\/div><\/div><\/div><\/div><\/p>\n","protected":false},"excerpt":{"rendered":"","protected":false},"author":1,"featured_media":0,"menu_order":0,"comment_status":"open","ping_status":"closed","template":"","format":"standard","meta":{"_monsterinsights_skip_tracking":false,"_monsterinsights_sitenote_active":false,"_monsterinsights_sitenote_note":"","_monsterinsights_sitenote_category":0,"footnotes":""},"portfolio_category":[127],"portfolio_skills":[91],"portfolio_tags":[],"class_list":["post-3590","avada_portfolio","type-avada_portfolio","status-publish","format-standard","hentry","portfolio_category-cythere-n-especial","portfolio_skills-andrea-berger"],"_links":{"self":[{"href":"https:\/\/fapol.org\/cythere\/wp-json\/wp\/v2\/avada_portfolio\/3590","targetHints":{"allow":["GET"]}}],"collection":[{"href":"https:\/\/fapol.org\/cythere\/wp-json\/wp\/v2\/avada_portfolio"}],"about":[{"href":"https:\/\/fapol.org\/cythere\/wp-json\/wp\/v2\/types\/avada_portfolio"}],"author":[{"embeddable":true,"href":"https:\/\/fapol.org\/cythere\/wp-json\/wp\/v2\/users\/1"}],"replies":[{"embeddable":true,"href":"https:\/\/fapol.org\/cythere\/wp-json\/wp\/v2\/comments?post=3590"}],"version-history":[{"count":7,"href":"https:\/\/fapol.org\/cythere\/wp-json\/wp\/v2\/avada_portfolio\/3590\/revisions"}],"predecessor-version":[{"id":3634,"href":"https:\/\/fapol.org\/cythere\/wp-json\/wp\/v2\/avada_portfolio\/3590\/revisions\/3634"}],"wp:attachment":[{"href":"https:\/\/fapol.org\/cythere\/wp-json\/wp\/v2\/media?parent=3590"}],"wp:term":[{"taxonomy":"portfolio_category","embeddable":true,"href":"https:\/\/fapol.org\/cythere\/wp-json\/wp\/v2\/portfolio_category?post=3590"},{"taxonomy":"portfolio_skills","embeddable":true,"href":"https:\/\/fapol.org\/cythere\/wp-json\/wp\/v2\/portfolio_skills?post=3590"},{"taxonomy":"portfolio_tags","embeddable":true,"href":"https:\/\/fapol.org\/cythere\/wp-json\/wp\/v2\/portfolio_tags?post=3590"}],"curies":[{"name":"wp","href":"https:\/\/api.w.org\/{rel}","templated":true}]}}

BERGER &#8211; Vueltas de Cythère?

<p><div class="fusion-fullwidth fullwidth-box fusion-builder-row-1 nonhundred-percent-fullwidth non-hundred-percent-height-scrolling" style="--awb-border-radius-top-left:0px;--awb-border-radius-top-right:0px;--awb-border-radius-bottom-right:0px;--awb-border-radius-bottom-left:0px;--awb-flex-wrap:wrap;" ><div class="fusion-builder-row fusion-row"><div class="fusion-layout-column fusion_builder_column fusion-builder-column-0 fusion_builder_column_1_1 1_1 fusion-one-full fusion-column-first fusion-column-last" style="--awb-bg-size:cover;"><div class="fusion-column-wrapper fusion-flex-column-wrapper-legacy"><div class="fusion-title title fusion-title-1 fusion-sep-none fusion-title-text fusion-title-size-four"><h4 class="fusion-title-heading title-heading-left fusion-responsive-typography-calculated" style="margin:0;--fontSize:30;line-height:1.1;">Vueltas de Cythère?</h4></div><div class="fusion-sep-clear"></div><div class="fusion-separator fusion-full-width-sep" style="margin-left: auto;margin-right: auto;margin-top:20px;margin-bottom:20px;width:100%;"></div><div class="fusion-sep-clear"></div><div class="fusion-text fusion-text-1" style="--awb-text-transform:none;"><p style="font-size: 17px; font-weight: 800; font-family: Montserrat; line-height: 0.1;">ANDREA BERGER</p>
<p style="font-size: 17px; line-height: 0.8;">EOL &#8211; AMP, Universidad de Buenos Aires</p>
<p style="font-size: 17px; line-height: 0;">bergerandrea65@gmail.com</p>
</div><div class="fusion-clearfix"></div></div></div></div></div><div class="fusion-fullwidth fullwidth-box fusion-builder-row-2 nonhundred-percent-fullwidth non-hundred-percent-height-scrolling" style="--awb-border-radius-top-left:0px;--awb-border-radius-top-right:0px;--awb-border-radius-bottom-right:0px;--awb-border-radius-bottom-left:0px;--awb-margin-top:50px;--awb-flex-wrap:wrap;" ><div class="fusion-builder-row fusion-row"><div class="fusion-layout-column fusion_builder_column fusion-builder-column-1 fusion_builder_column_1_1 1_1 fusion-one-full fusion-column-first fusion-column-last" style="--awb-bg-size:cover;"><div class="fusion-column-wrapper fusion-flex-column-wrapper-legacy"><div class="fusion-alignright"><a class="fusion-button button-flat button-medium button-default fusion-button-default button-1 fusion-button-default-span fusion-button-default-type" target="_blank" rel="noopener noreferrer" href="https://fapol.org/cythere/wp-content/uploads/sites/3/2024/06/BERGER-Vueltas-de-Cythere.pdf"><i class="fa-download fas button-icon-left" aria-hidden="true"></i><span class="fusion-button-text">PDF</span></a></div><div class="fusion-clearfix"></div></div></div></div></div><div class="fusion-fullwidth fullwidth-box fusion-builder-row-3 fusion-flex-container has-pattern-background has-mask-background nonhundred-percent-fullwidth non-hundred-percent-height-scrolling" style="--awb-border-radius-top-left:0px;--awb-border-radius-top-right:0px;--awb-border-radius-bottom-right:0px;--awb-border-radius-bottom-left:0px;--awb-margin-top:40px;--awb-flex-wrap:wrap;" ><div class="fusion-builder-row fusion-row fusion-flex-align-items-flex-start fusion-flex-content-wrap" style="max-width:1216.8px;margin-left: calc(-4% / 2 );margin-right: calc(-4% / 2 );"><div class="fusion-layout-column fusion_builder_column fusion-builder-column-2 fusion_builder_column_1_1 1_1 fusion-flex-column" style="--awb-bg-size:cover;--awb-width-large:100%;--awb-margin-top-large:0px;--awb-spacing-right-large:1.92%;--awb-margin-bottom-large:0px;--awb-spacing-left-large:1.92%;--awb-width-medium:100%;--awb-order-medium:0;--awb-spacing-right-medium:1.92%;--awb-spacing-left-medium:1.92%;--awb-width-small:100%;--awb-order-small:0;--awb-spacing-right-small:1.92%;--awb-spacing-left-small:1.92%;"><div class="fusion-column-wrapper fusion-column-has-shadow fusion-flex-justify-content-flex-start fusion-content-layout-column"><div class="fusion-text fusion-text-2"><p style="text-align: justify;"><span class="fusion-dropcap dropcap dropcap-boxed" style="--awb-border-radius:8px;--awb-background:#F26362;">E</span>n ocasión de la próxima permutación de FAPOL del 22 de junio, hemos decidido hacer esta entrega especial bilingüe de <em>Cythère</em>?</p>
<p style="text-align: justify;">Compuesta por tres artículos publicados en diferentes números, apostamos a extender nuestras producciones para que tengan la mayor llegada posible. Es nuestro desafío actual.</p>
<p style="text-align: justify;">Cada publicación de la AMP son vueltas, giros que producen luz, que apuntan a despertar lo nuevo en lo no sabido, en los pequeños detalles de lo ya leído. Es por eso que cada lectura, es una nueva lectura.</p>
<p style="text-align: justify;">Un primer artículo es un homenaje a Mario Elkin Ramirez (<em>NELcf) </em>fallecido recientemente. Mario fue el responsable de la dirección editorial de <em>Cythère</em> durante los años 2021-2022. Ha sido Profesor en el Departamento de Psicoanálisis de la Universidad de Antioquia, Colombia. El texto que salió publicado en el número 3, articula, con fineza, las nociones de acontecimiento de cuerpo, trauma <em>y lalengua</em> en el análisis de un fragmento de testimonio de una excombatiente de un grupo guerrillero colombiano. Le dedicamos a Mario nuestro más afectuoso reconocimiento.</p>
<p style="text-align: justify;">El segundo de los artículos es de Silvia E. Tendlarz (EOL), de tinte académico fiel al espíritu de nuestra revista, con un tema actual y convocante: el autismo y la forclusión que conlleva.</p>
<p style="text-align: justify;">El tercero, de Cleyton Andrade (EBP), un texto provocador que pone en juego aristas aun poco tratadas entre nosotros: la incidencia del color del analista en el seno de las Universidades en Brasil.</p>
<p style="text-align: justify;">Esperamos entonces, que el lector pueda recorrer estos tres artículos, se entusiasme y continúe con el resto de los textos que componen los seis increíbles números que ya están <em>online </em>en <a href="https://fapol.org/cythere/">https://fapol.org/cythere/</a></p>
<p style="text-align: justify;">Como siempre, nos orienta fortalecer el intercambio federativo, tanto entre las tres Escuelas de América, como en la relación Escuela-Universidad de cada lugar.</p>
<p style="text-align: justify;">Les deseamos buena lectura.</p>
<p style="text-align: justify;"><strong>Andrea Berger</strong><br />
Directora Editorial</p>
</div></div></div></div></div></p>
