{"id":6425,"date":"2021-06-29T18:01:28","date_gmt":"2021-06-29T21:01:28","guid":{"rendered":"https:\/\/fapol.org\/blog\/portfolio-items\/el-continuum-trans-y-el-sentimiento-de-la-vida\/"},"modified":"2024-12-16T17:17:12","modified_gmt":"2024-12-16T20:17:12","slug":"o-continuum-trans-e-o-sentimento-da-vida","status":"publish","type":"avada_portfolio","link":"https:\/\/fapol.org\/pt-br\/blog\/portfolio-items\/o-continuum-trans-e-o-sentimento-da-vida\/","title":{"rendered":"O continuum trans e o sentimento da vida"},"content":{"rendered":"<div class=\"fusion-fullwidth fullwidth-box fusion-builder-row-1 fusion-flex-container nonhundred-percent-fullwidth non-hundred-percent-height-scrolling\" style=\"--awb-border-radius-top-left:0px;--awb-border-radius-top-right:0px;--awb-border-radius-bottom-right:0px;--awb-border-radius-bottom-left:0px;--awb-flex-wrap:wrap;\" ><div class=\"fusion-builder-row fusion-row fusion-flex-align-items-flex-start fusion-flex-content-wrap\" style=\"max-width:1248px;margin-left: calc(-4% \/ 2 );margin-right: calc(-4% \/ 2 );\"><div class=\"fusion-layout-column fusion_builder_column fusion-builder-column-0 fusion_builder_column_1_1 1_1 fusion-flex-column\" style=\"--awb-bg-size:cover;--awb-width-large:100%;--awb-margin-top-large:0px;--awb-spacing-right-large:1.92%;--awb-margin-bottom-large:20px;--awb-spacing-left-large:1.92%;--awb-width-medium:100%;--awb-order-medium:0;--awb-spacing-right-medium:1.92%;--awb-spacing-left-medium:1.92%;--awb-width-small:100%;--awb-order-small:0;--awb-spacing-right-small:1.92%;--awb-spacing-left-small:1.92%;\"><div class=\"fusion-column-wrapper fusion-column-has-shadow fusion-flex-justify-content-flex-start fusion-content-layout-column\"><div class=\"fusion-text fusion-text-1\"><p style=\"text-align: justify;\">Agrade\u00e7o \u00e0 dire\u00e7\u00e3o da Fapol, \u00e0 Sofia Guaraguara, coordenadora do evento, e \u00e0 Patrick Almeida, respons\u00e1vel pelo SLP, o convite para participar neste momento de interc\u00e2mbio com colegas de v\u00e1rios pa\u00edses, no \u00e2mbito da prepara\u00e7\u00e3o da pr\u00f3xima ENAPOL.<\/p>\n<p style=\"text-align: justify;\">Apresentarei tr\u00eas breves pontos sobre o atual debate sobre o trans. Trata-se de uma reflex\u00e3o em curso a partir da leitura de diversos trabalhos e testemunhos sobre este tema.<\/p>\n<p style=\"text-align: justify;\"><strong>Da Europa para a Am\u00e9rica, ida e volta<\/strong><\/p>\n<p style=\"text-align: justify;\">Sendo os estudos de g\u00eanero um produto universit\u00e1rio que, como notava JAM, se elaborou nos Estados Unidos mas deve muito \u00e0 Lacan e \u00e0 <em>French Theory<\/em> em geral, o debate sobre o trans que passa a um primeiro plano hoje na Fran\u00e7a (e que j\u00e1 come\u00e7ou h\u00e1 algum tempo em outros pa\u00edses do Campo freudiano) sup\u00f5e o fechamento de um ciclo, de um p\u00e9riplo. Algumas das ideias psicanal\u00edticas aqui forjadas voltam, depois de uma longa viagem, e voltam transformadas. N\u00e3o deixa de ser interessante para n\u00f3s examinar estas outras elabora\u00e7\u00f5es, e ver o que nos proporcionam, dialogar com elas.<\/p>\n<p style=\"text-align: justify;\">Um dos primeiros pontos que este novo di\u00e1logo permite esclarecer, \u00e9 que &#8220;o trans&#8221; \u00e9 um fen\u00f4meno mais amplo que o transexualismo. Como Eric Laurent apontou recentemente, o trans como paradigma engloba &#8220;toda a queeriza\u00e7\u00e3o do sexo&#8221;<a href=\"#_ftn1\" name=\"_ftnref1\"><sup>[1]<\/sup><\/a>.<\/p>\n<p style=\"text-align: justify;\">Quer dizer que os casos limite, como o antigo transexualismo ou, acrescentaria, as transi\u00e7\u00f5es numa idade muito precoce, n\u00e3o s\u00e3o o \u00fanico \u00e2ngulo desde o qual podemos observar a evolu\u00e7\u00e3o dos modos de gozo a que assistimos. Esta impress\u00e3o do <em>queer<\/em> na sexualidade contempor\u00e2nea pode incluir de maneira mais sutil a explora\u00e7\u00e3o de gozos outrora n\u00e3o autorizados para um determinado g\u00eanero.<\/p>\n<p style=\"text-align: justify;\">Tudo isto tende \u00e0 ideia de um continuum ou a uma &#8220;gama&#8221; do trans. Se adicionarmos a isto as demandas de despatologiza\u00e7\u00e3o que acompanham a expans\u00e3o deste movimento<a href=\"#_ftn2\" name=\"_ftnref2\"><sup>[2]<\/sup><\/a>, penso que uma aproxima\u00e7\u00e3o que atenda mais a amarra\u00e7\u00e3o singular de RSI para cada parl\u00eatre que a categorias psiqui\u00e1tricas, n\u00e3o s\u00f3 permitiria uma melhor capta\u00e7\u00e3o dos fen\u00f4menos cl\u00ednicos, mas facilitaria para muitos a aproxima\u00e7\u00e3o a nossa orienta\u00e7\u00e3o.<\/p>\n<p style=\"text-align: justify;\"><strong>Efeitos do discurso-ambiente <\/strong><\/p>\n<p style=\"text-align: justify;\">A ampla conversa\u00e7\u00e3o sobre o g\u00eanero e sobre o trans da qual estamos, desde a psican\u00e1lise, rec\u00e9m come\u00e7ando a participar, j\u00e1 produziu mudan\u00e7as a n\u00edvel das pr\u00e1ticas m\u00e9dicas e da legisla\u00e7\u00e3o em v\u00e1rios pa\u00edses ocidentais. Trata-se al\u00e9m disso de um movimento que faz o seu caminho nas profundidades do gosto e produz pouco a pouco uma evolu\u00e7\u00e3o do discurso-ambiente sobre o trans.<\/p>\n<p style=\"text-align: justify;\">\u00c9 de esperar que essas mudan\u00e7as tragam uma diminui\u00e7\u00e3o do mal-estar para muitos dos sujeitos em quest\u00e3o. A altera\u00e7\u00e3o do sentimento da vida, da qual testemunham alguns casos graves<a href=\"#_ftn3\" name=\"_ftnref3\"><sup>[3]<\/sup><\/a>, \u00e9 sem d\u00favida multifatorial, mas n\u00e3o se pode contornar a sua amarra\u00e7\u00e3o com aquilo que se articula no Outro social como discurso sobre o trans. Neste sentido, a nossa interven\u00e7\u00e3o neste debate, a partir da psican\u00e1lise, participa n\u00e3o s\u00f3 da evolu\u00e7\u00e3o de um discurso, mas tamb\u00e9m das suas consequ\u00eancias.<\/p>\n<p style=\"text-align: justify;\"><strong>De um ex\u00edlio para outro<\/strong><\/p>\n<p style=\"text-align: justify;\">Dentro da ampla gama do trans, distinguem-se pelo menos dois n\u00edveis: o da escolha de um sujeito, singular em cada caso, e o dos discursos mais ou menos ut\u00f3picos sobre o g\u00eanero (n\u00edvel universit\u00e1rio ou te\u00f3rico).<\/p>\n<p style=\"text-align: justify;\">A n\u00edvel da escolha de um sujeito, do que se trata \u00e9 de sair de uma situa\u00e7\u00e3o de ex\u00edlio em um corpo vivido como outro, para ir a uma nova situa\u00e7\u00e3o em que o corpo esteja em melhor adequa\u00e7\u00e3o com o desejo e as identifica\u00e7\u00f5es.<\/p>\n<p style=\"text-align: justify;\">Desde uma abordagem psicanal\u00edtica, poder\u00edamos dizer que o corpo leva sempre, se trate ou n\u00e3o de um sujeito trans, uma marca de alteridade. J\u00e1 na experi\u00eancia precoce do espelho, recordemos, o corpo pr\u00f3prio aparece no campo do Outro. A quest\u00e3o \u00e9 sob que condi\u00e7\u00f5es essa alteridade se torna suport\u00e1vel, sob que condi\u00e7\u00f5es um sujeito pode consentir em se identificar com seu corpo. O grau de aceita\u00e7\u00e3o da diferen\u00e7a anat\u00f4mica dos sexos, sem d\u00favida, tem um papel fundamental neste ponto.<\/p>\n<p style=\"text-align: justify;\">Nos discursos te\u00f3ricos sobre o g\u00eanero e o trans, o tema do ex\u00edlio \u00e9 diferente, j\u00e1 que se refere mais a um processo coletivo. Trata-se da explora\u00e7\u00e3o, a n\u00edvel da civiliza\u00e7\u00e3o, das identidades e modos de gozo que estariam por fora do binarismo tradicional homem-mulher.<\/p>\n<p style=\"text-align: justify;\">Sobre este ponto, penso que a psican\u00e1lise, longe de ser um guardi\u00e3o da diferen\u00e7a sexual enquanto tradi\u00e7\u00e3o, proporciona a perspectiva de um ser falante que pode ser homem, mulher, cis ou trans, mas que est\u00e1 invariavelmente &#8220;exilado da rela\u00e7\u00e3o sexual&#8221;, como dizia Lacan em Encore<a href=\"#_ftn4\" name=\"_ftnref4\"><sup>[4]<\/sup><\/a>. Ou seja, que faz sintoma na esfera da sexualidade justamente por carecer de um protocolo de g\u00eanero dado. Ambos\u00a0 discursos, ent\u00e3o, embora sejam distantes um do outro em muitos aspectos, confluem ao menos na ideia de um amor que, por sua parte de ex\u00edlio, chama cada sujeito \u00e0 inven\u00e7\u00e3o de algo novo.<\/p>\n<p style=\"text-align: justify;\"><strong>Ariel Altman<\/strong><\/p>\n<p style=\"text-align: justify;\">Amor e ex\u00edlio: Conversa\u00e7\u00e3o preparat\u00f3ria de Enapol X<\/p>\n<p style=\"text-align: justify;\">26\/5\/2021<\/p>\n<hr \/>\n<p style=\"text-align: justify;\">Tradu\u00e7ao: Armando Manzanarez<\/p>\n<p style=\"text-align: justify;\"><a href=\"#_ftnref1\" name=\"_ftn1\"><sup>[1]<\/sup><\/a> Laurent, E., \u201cDu paradigme trans\u201d, <em>Lacan Quotidien<\/em> n\u00famero 928 (acess\u00edvel online: https:\/\/lacanquotidien.fr).<\/p>\n<p style=\"text-align: justify;\"><a href=\"#_ftnref2\" name=\"_ftn2\"><sup>[2]<\/sup><\/a> Anna Arom\u00ed assinala o car\u00e1cter generalizado desta tend\u00eancia para a despatologiza\u00e7\u00e3o da sexualidade numa recente contribui\u00e7\u00e3o neste debate. Cf. <em>Lacan Quotidien, ibid<\/em>., p.60.<\/p>\n<p style=\"text-align: justify;\"><a href=\"#_ftnref3\" name=\"_ftn3\"><sup>[3]<\/sup><\/a> Uma sequ\u00eancia de casos coordenada por C. Leguil nas \u00faltimas jornadas do Institut de l\u2019enfant, cujo tema foi a sexua\u00e7\u00e3o nas crian\u00e7as dava conta desta afeta\u00e7\u00e3o do \u201csentimento da vida\u201d.<\/p>\n<p style=\"text-align: justify;\"><a href=\"#_ftnref4\" name=\"_ftn4\"><sup>[4]<\/sup><\/a> Lacan, J., <em>Le S\u00e9minaire<\/em>, l. XX, \u201cEncore\u201d, texto estabelecido por Jacques-Alain Miller, Paris, Seuil, 1975, p. 132.<\/p>\n<\/div><\/div><\/div><\/div><\/div>\n","protected":false},"excerpt":{"rendered":"<p>Ariel Altman<\/p>\n","protected":false},"author":1,"featured_media":6462,"menu_order":71,"comment_status":"closed","ping_status":"closed","template":"","format":"standard","meta":{"_monsterinsights_skip_tracking":false,"_monsterinsights_sitenote_active":false,"_monsterinsights_sitenote_note":"","_monsterinsights_sitenote_category":0,"footnotes":""},"portfolio_category":[],"portfolio_skills":[],"portfolio_tags":[],"class_list":["post-6425","avada_portfolio","type-avada_portfolio","status-publish","format-standard","has-post-thumbnail","hentry"],"_links":{"self":[{"href":"https:\/\/fapol.org\/pt-br\/wp-json\/wp\/v2\/avada_portfolio\/6425","targetHints":{"allow":["GET"]}}],"collection":[{"href":"https:\/\/fapol.org\/pt-br\/wp-json\/wp\/v2\/avada_portfolio"}],"about":[{"href":"https:\/\/fapol.org\/pt-br\/wp-json\/wp\/v2\/types\/avada_portfolio"}],"author":[{"embeddable":true,"href":"https:\/\/fapol.org\/pt-br\/wp-json\/wp\/v2\/users\/1"}],"replies":[{"embeddable":true,"href":"https:\/\/fapol.org\/pt-br\/wp-json\/wp\/v2\/comments?post=6425"}],"version-history":[{"count":2,"href":"https:\/\/fapol.org\/pt-br\/wp-json\/wp\/v2\/avada_portfolio\/6425\/revisions"}],"predecessor-version":[{"id":6465,"href":"https:\/\/fapol.org\/pt-br\/wp-json\/wp\/v2\/avada_portfolio\/6425\/revisions\/6465"}],"wp:featuredmedia":[{"embeddable":true,"href":"https:\/\/fapol.org\/pt-br\/wp-json\/wp\/v2\/media\/6462"}],"wp:attachment":[{"href":"https:\/\/fapol.org\/pt-br\/wp-json\/wp\/v2\/media?parent=6425"}],"wp:term":[{"taxonomy":"portfolio_category","embeddable":true,"href":"https:\/\/fapol.org\/pt-br\/wp-json\/wp\/v2\/portfolio_category?post=6425"},{"taxonomy":"portfolio_skills","embeddable":true,"href":"https:\/\/fapol.org\/pt-br\/wp-json\/wp\/v2\/portfolio_skills?post=6425"},{"taxonomy":"portfolio_tags","embeddable":true,"href":"https:\/\/fapol.org\/pt-br\/wp-json\/wp\/v2\/portfolio_tags?post=6425"}],"curies":[{"name":"wp","href":"https:\/\/api.w.org\/{rel}","templated":true}]}}

<div class="fusion-fullwidth fullwidth-box fusion-builder-row-1 fusion-flex-container nonhundred-percent-fullwidth non-hundred-percent-height-scrolling" style="--awb-border-radius-top-left:0px;--awb-border-radius-top-right:0px;--awb-border-radius-bottom-right:0px;--awb-border-radius-bottom-left:0px;--awb-flex-wrap:wrap;" ><div class="fusion-builder-row fusion-row fusion-flex-align-items-flex-start fusion-flex-content-wrap" style="max-width:1248px;margin-left: calc(-4% / 2 );margin-right: calc(-4% / 2 );"><div class="fusion-layout-column fusion_builder_column fusion-builder-column-0 fusion_builder_column_1_1 1_1 fusion-flex-column" style="--awb-bg-size:cover;--awb-width-large:100%;--awb-margin-top-large:0px;--awb-spacing-right-large:1.92%;--awb-margin-bottom-large:20px;--awb-spacing-left-large:1.92%;--awb-width-medium:100%;--awb-order-medium:0;--awb-spacing-right-medium:1.92%;--awb-spacing-left-medium:1.92%;--awb-width-small:100%;--awb-order-small:0;--awb-spacing-right-small:1.92%;--awb-spacing-left-small:1.92%;"><div class="fusion-column-wrapper fusion-column-has-shadow fusion-flex-justify-content-flex-start fusion-content-layout-column"><div class="fusion-text fusion-text-1"><p style="text-align: justify;">Agradeço à direção da Fapol, à Sofia Guaraguara, coordenadora do evento, e à Patrick Almeida, responsável pelo SLP, o convite para participar neste momento de intercâmbio com colegas de vários países, no âmbito da preparação da próxima ENAPOL.</p>
<p style="text-align: justify;">Apresentarei três breves pontos sobre o atual debate sobre o trans. Trata-se de uma reflexão em curso a partir da leitura de diversos trabalhos e testemunhos sobre este tema.</p>
<p style="text-align: justify;"><strong>Da Europa para a América, ida e volta</strong></p>
<p style="text-align: justify;">Sendo os estudos de gênero um produto universitário que, como notava JAM, se elaborou nos Estados Unidos mas deve muito à Lacan e à <em>French Theory</em> em geral, o debate sobre o trans que passa a um primeiro plano hoje na França (e que já começou há algum tempo em outros países do Campo freudiano) supõe o fechamento de um ciclo, de um périplo. Algumas das ideias psicanalíticas aqui forjadas voltam, depois de uma longa viagem, e voltam transformadas. Não deixa de ser interessante para nós examinar estas outras elaborações, e ver o que nos proporcionam, dialogar com elas.</p>
<p style="text-align: justify;">Um dos primeiros pontos que este novo diálogo permite esclarecer, é que &#8220;o trans&#8221; é um fenômeno mais amplo que o transexualismo. Como Eric Laurent apontou recentemente, o trans como paradigma engloba &#8220;toda a queerização do sexo&#8221;<a href="#_ftn1" name="_ftnref1"><sup>[1]</sup></a>.</p>
<p style="text-align: justify;">Quer dizer que os casos limite, como o antigo transexualismo ou, acrescentaria, as transições numa idade muito precoce, não são o único ângulo desde o qual podemos observar a evolução dos modos de gozo a que assistimos. Esta impressão do <em>queer</em> na sexualidade contemporânea pode incluir de maneira mais sutil a exploração de gozos outrora não autorizados para um determinado gênero.</p>
<p style="text-align: justify;">Tudo isto tende à ideia de um continuum ou a uma &#8220;gama&#8221; do trans. Se adicionarmos a isto as demandas de despatologização que acompanham a expansão deste movimento<a href="#_ftn2" name="_ftnref2"><sup>[2]</sup></a>, penso que uma aproximação que atenda mais a amarração singular de RSI para cada parlêtre que a categorias psiquiátricas, não só permitiria uma melhor captação dos fenômenos clínicos, mas facilitaria para muitos a aproximação a nossa orientação.</p>
<p style="text-align: justify;"><strong>Efeitos do discurso-ambiente </strong></p>
<p style="text-align: justify;">A ampla conversação sobre o gênero e sobre o trans da qual estamos, desde a psicanálise, recém começando a participar, já produziu mudanças a nível das práticas médicas e da legislação em vários países ocidentais. Trata-se além disso de um movimento que faz o seu caminho nas profundidades do gosto e produz pouco a pouco uma evolução do discurso-ambiente sobre o trans.</p>
<p style="text-align: justify;">É de esperar que essas mudanças tragam uma diminuição do mal-estar para muitos dos sujeitos em questão. A alteração do sentimento da vida, da qual testemunham alguns casos graves<a href="#_ftn3" name="_ftnref3"><sup>[3]</sup></a>, é sem dúvida multifatorial, mas não se pode contornar a sua amarração com aquilo que se articula no Outro social como discurso sobre o trans. Neste sentido, a nossa intervenção neste debate, a partir da psicanálise, participa não só da evolução de um discurso, mas também das suas consequências.</p>
<p style="text-align: justify;"><strong>De um exílio para outro</strong></p>
<p style="text-align: justify;">Dentro da ampla gama do trans, distinguem-se pelo menos dois níveis: o da escolha de um sujeito, singular em cada caso, e o dos discursos mais ou menos utópicos sobre o gênero (nível universitário ou teórico).</p>
<p style="text-align: justify;">A nível da escolha de um sujeito, do que se trata é de sair de uma situação de exílio em um corpo vivido como outro, para ir a uma nova situação em que o corpo esteja em melhor adequação com o desejo e as identificações.</p>
<p style="text-align: justify;">Desde uma abordagem psicanalítica, poderíamos dizer que o corpo leva sempre, se trate ou não de um sujeito trans, uma marca de alteridade. Já na experiência precoce do espelho, recordemos, o corpo próprio aparece no campo do Outro. A questão é sob que condições essa alteridade se torna suportável, sob que condições um sujeito pode consentir em se identificar com seu corpo. O grau de aceitação da diferença anatômica dos sexos, sem dúvida, tem um papel fundamental neste ponto.</p>
<p style="text-align: justify;">Nos discursos teóricos sobre o gênero e o trans, o tema do exílio é diferente, já que se refere mais a um processo coletivo. Trata-se da exploração, a nível da civilização, das identidades e modos de gozo que estariam por fora do binarismo tradicional homem-mulher.</p>
<p style="text-align: justify;">Sobre este ponto, penso que a psicanálise, longe de ser um guardião da diferença sexual enquanto tradição, proporciona a perspectiva de um ser falante que pode ser homem, mulher, cis ou trans, mas que está invariavelmente &#8220;exilado da relação sexual&#8221;, como dizia Lacan em Encore<a href="#_ftn4" name="_ftnref4"><sup>[4]</sup></a>. Ou seja, que faz sintoma na esfera da sexualidade justamente por carecer de um protocolo de gênero dado. Ambos  discursos, então, embora sejam distantes um do outro em muitos aspectos, confluem ao menos na ideia de um amor que, por sua parte de exílio, chama cada sujeito à invenção de algo novo.</p>
<p style="text-align: justify;"><strong>Ariel Altman</strong></p>
<p style="text-align: justify;">Amor e exílio: Conversação preparatória de Enapol X</p>
<p style="text-align: justify;">26/5/2021</p>
<hr />
<p style="text-align: justify;">Traduçao: Armando Manzanarez</p>
<p style="text-align: justify;"><a href="#_ftnref1" name="_ftn1"><sup>[1]</sup></a> Laurent, E., “Du paradigme trans”, <em>Lacan Quotidien</em> número 928 (acessível online: https://lacanquotidien.fr).</p>
<p style="text-align: justify;"><a href="#_ftnref2" name="_ftn2"><sup>[2]</sup></a> Anna Aromí assinala o carácter generalizado desta tendência para a despatologização da sexualidade numa recente contribuição neste debate. Cf. <em>Lacan Quotidien, ibid</em>., p.60.</p>
<p style="text-align: justify;"><a href="#_ftnref3" name="_ftn3"><sup>[3]</sup></a> Uma sequência de casos coordenada por C. Leguil nas últimas jornadas do Institut de l’enfant, cujo tema foi a sexuação nas crianças dava conta desta afetação do “sentimento da vida”.</p>
<p style="text-align: justify;"><a href="#_ftnref4" name="_ftn4"><sup>[4]</sup></a> Lacan, J., <em>Le Séminaire</em>, l. XX, “Encore”, texto estabelecido por Jacques-Alain Miller, Paris, Seuil, 1975, p. 132.</p>
</div></div></div></div></div>
