{"id":6016,"date":"2021-03-07T20:30:03","date_gmt":"2021-03-07T23:30:03","guid":{"rendered":"https:\/\/fapol.org\/institucional\/campo-freudiano\/"},"modified":"2024-12-14T08:47:51","modified_gmt":"2024-12-14T11:47:51","slug":"campo-freudiano","status":"publish","type":"page","link":"https:\/\/fapol.org\/pt-br\/institucional\/campo-freudiano\/","title":{"rendered":"Campo Freudiano"},"content":{"rendered":"<div class=\"fusion-fullwidth fullwidth-box fusion-builder-row-1 fusion-flex-container nonhundred-percent-fullwidth non-hundred-percent-height-scrolling\" style=\"--awb-border-radius-top-left:0px;--awb-border-radius-top-right:0px;--awb-border-radius-bottom-right:0px;--awb-border-radius-bottom-left:0px;--awb-flex-wrap:wrap;\" ><div class=\"fusion-builder-row fusion-row fusion-flex-align-items-flex-start fusion-flex-content-wrap\" style=\"max-width:1248px;margin-left: calc(-4% \/ 2 );margin-right: calc(-4% \/ 2 );\"><div class=\"fusion-layout-column fusion_builder_column fusion-builder-column-0 fusion_builder_column_1_1 1_1 fusion-flex-column\" style=\"--awb-bg-size:cover;--awb-width-large:100%;--awb-margin-top-large:0px;--awb-spacing-right-large:1.92%;--awb-margin-bottom-large:20px;--awb-spacing-left-large:1.92%;--awb-width-medium:100%;--awb-order-medium:0;--awb-spacing-right-medium:1.92%;--awb-spacing-left-medium:1.92%;--awb-width-small:100%;--awb-order-small:0;--awb-spacing-right-small:1.92%;--awb-spacing-left-small:1.92%;\"><div class=\"fusion-column-wrapper fusion-column-has-shadow fusion-flex-justify-content-flex-start fusion-content-layout-column\"><div class=\"fusion-title title fusion-title-1 fusion-sep-none fusion-title-text fusion-title-size-four\"><h4 class=\"fusion-title-heading title-heading-left\" style=\"margin:0;\">O que \u00e9 a Funda\u00e7\u00e3o do Campo Freudiano? <sup>* **<\/sup><\/h4><\/div><div class=\"fusion-text fusion-text-1\" style=\"--awb-text-transform:none;\"><p style=\"text-align: justify;\"><img decoding=\"async\" class=\"size-fusion-400 wp-image-1412 alignleft\" src=\"https:\/\/fapol.org\/pt\/wp-content\/uploads\/sites\/2\/2021\/05\/Judith-Miller-400x514.jpeg\" alt=\"\" width=\"400\" height=\"514\" \/><span class=\"fusion-highlight custom-textcolor highlight1 awb-highlight-background\" style=\"--awb-color:#65bc7b;--awb-text-color:#ffffff;\">O que \u00e9 a Funda\u00e7\u00e3o do Campo Freudiano? <\/span> \u00c9 um significante, e nada mais. \u00c9 um significante depositado por Jacques Lacan em fevereiro de 1979, e do qual mantive a cust\u00f3dia. Mas n\u00e3o para guard\u00e1-lo trancado com chave. Ao contr\u00e1rio.<\/p>\n<p style=\"text-align: justify;\">\u00c9 um significante que est\u00e1 \u00e0 disposi\u00e7\u00e3o de todos aqueles, conhecidos ou desconhecidos, que, atrav\u00e9s do mundo, se dedicam ao ensino de Lacan, e tentam prosseguir com ele, em seus pa\u00edses, em suas l\u00ednguas, em suas culturas.<\/p>\n<p style=\"text-align: justify;\">\u00c9 muito pouco dizer que a organiza\u00e7\u00e3o da Funda\u00e7\u00e3o tem a maior flexibilidade. Na verdade, a Funda\u00e7\u00e3o est\u00e1 totalmente dispon\u00edvel. Ela est\u00e1 aberta \u00e0s iniciativas e \u00e0s inova\u00e7\u00f5es, at\u00e9 as solicita, mesmo que sejam aqueles que as proponham, aqueles que tamb\u00e9m as realizem. Da Funda\u00e7\u00e3o, n\u00e3o se recebe mais do que aquilo o que voc\u00ea contribui. \u00c9 o que poder\u00edamos chamar de sua &#8220;milit\u00e2ncia&#8221;, se a palavra n\u00e3o aterrorizasse o Campo Freudiano: ent\u00e3o, falemos de sua seriedade.<\/p>\n<p style=\"text-align: justify;\">A Funda\u00e7\u00e3o se desenvolve sem plano pr\u00e9-concebido, sen\u00e3o aquele de favorecer em todos os lugares, e sem sectarismo, o trabalho dos alunos e leitores de Lacan e, ali onde seja poss\u00edvel, sua solidariedade. Aqui, a experi\u00eancia de uma pr\u00e1tica de forma\u00e7\u00e3o permanente faz nascer o Col\u00e9gio Freudiano. L\u00e1, uma convoca\u00e7\u00e3o produz a s\u00e9rie de Encontros Internacionais. Tal confer\u00eancia desemboca na institui\u00e7\u00e3o de um semin\u00e1rio; outra, em uma publica\u00e7\u00e3o que, em breve, ser\u00e1 traduzida. Sem plano ent\u00e3o, mas n\u00e3o sem princ\u00edpios, a Funda\u00e7\u00e3o se desenvolve em rede, e pudemos dizer que n\u00e3o tem dentro, que a sua voca\u00e7\u00e3o se desenvolve inteiramente fora de si mesma.<\/p>\n<p style=\"text-align: justify;\">Vista por outro \u00e2ngulo, \u00e9 amig\u00e1vel: nos conhecemos, aprendemos a nos conhecer, confiamos uns nos outros. Temos o sentimento de que o ensino de Lacan, ainda \u00e9, sempre um combate, que n\u00e3o est\u00e1 vencido, que n\u00e3o h\u00e1 louros em que descansar e que a aposta \u00e9 a pr\u00f3pria orienta\u00e7\u00e3o da psican\u00e1lise para os tempos que vir\u00e3o.<\/p>\n<p style=\"text-align: justify;\">Certamente, a Funda\u00e7\u00e3o n\u00e3o pode tudo. Ela sustenta, estimula, faz eco, tece incansavelmente os la\u00e7os m\u00faltiplos, p\u00f5e em contato, \u00e0s vezes reluz. Mas n\u00e3o substitui as associa\u00e7\u00f5es psicanal\u00edticas que t\u00eam a tarefa, em seu n\u00edvel, de administrar a experi\u00eancia, e que o fazem de forma n\u00e3o estandardizada, como implica sua refer\u00eancia a Lacan.<\/p>\n<p style=\"text-align: justify;\">Teremos entendido: esta surpreendente Funda\u00e7\u00e3o \u00e9 o que vem no lugar, no Campo Freudiano, daquela Internacional que Jacques Lacan, ao contr\u00e1rio de Freud, n\u00e3o quis criar.<\/p>\n<p style=\"text-align: justify;\">Este volume, que re\u00fane documentos recentes, \u00e9 feito para \u201cdar ideias\u201d aos amigos, agora t\u00e3o numerosos, da Funda\u00e7\u00e3o. O panorama que ele apresenta, aposto que, no futuro, ser\u00e1 mais estendido e mais complexo.<\/p>\n<p style=\"text-align: justify;\"><strong>Judith Miller<\/strong><\/p>\n<p style=\"text-align: justify;\">Tradu\u00e7\u00e3o: Rog\u00e9rio Barros<\/p>\n<hr \/>\n<p style=\"text-align: justify;\">[*] Este texto foi publicado com a am\u00e1vel autoriza\u00e7\u00e3o de Eve Miller-Ros.<\/p>\n<p style=\"text-align: justify;\">[**] Este texto foi inicialmente publicado como pref\u00e1cio da revista Analytica, n. 44, Paris, Navarin \u00e9diteur, 1986.<\/p>\n<\/div><div class=\"fusion-separator fusion-full-width-sep\" style=\"align-self: center;margin-left: auto;margin-right: auto;margin-top:10px;margin-bottom:10px;width:100%;\"><\/div><div style=\"text-align:right;\"><a class=\"fusion-button button-flat fusion-button-default-size button-default fusion-button-default button-1 fusion-button-default-span fusion-button-default-type\" target=\"_blank\" rel=\"noopener noreferrer\" href=\"https:\/\/www.wapol.org\/es\/campo_freudiano\/Template.asp\"><span class=\"fusion-button-text\">M\u00c1S INFORMACI\u00d3N<\/span><\/a><\/div><\/div><\/div><\/div><\/div>\n","protected":false},"excerpt":{"rendered":"","protected":false},"author":3,"featured_media":0,"parent":6010,"menu_order":3,"comment_status":"closed","ping_status":"closed","template":"","meta":{"_monsterinsights_skip_tracking":false,"_monsterinsights_sitenote_active":false,"_monsterinsights_sitenote_note":"","_monsterinsights_sitenote_category":0,"footnotes":""},"class_list":["post-6016","page","type-page","status-publish","hentry"],"_links":{"self":[{"href":"https:\/\/fapol.org\/pt-br\/wp-json\/wp\/v2\/pages\/6016","targetHints":{"allow":["GET"]}}],"collection":[{"href":"https:\/\/fapol.org\/pt-br\/wp-json\/wp\/v2\/pages"}],"about":[{"href":"https:\/\/fapol.org\/pt-br\/wp-json\/wp\/v2\/types\/page"}],"author":[{"embeddable":true,"href":"https:\/\/fapol.org\/pt-br\/wp-json\/wp\/v2\/users\/3"}],"replies":[{"embeddable":true,"href":"https:\/\/fapol.org\/pt-br\/wp-json\/wp\/v2\/comments?post=6016"}],"version-history":[{"count":1,"href":"https:\/\/fapol.org\/pt-br\/wp-json\/wp\/v2\/pages\/6016\/revisions"}],"predecessor-version":[{"id":6029,"href":"https:\/\/fapol.org\/pt-br\/wp-json\/wp\/v2\/pages\/6016\/revisions\/6029"}],"up":[{"embeddable":true,"href":"https:\/\/fapol.org\/pt-br\/wp-json\/wp\/v2\/pages\/6010"}],"wp:attachment":[{"href":"https:\/\/fapol.org\/pt-br\/wp-json\/wp\/v2\/media?parent=6016"}],"curies":[{"name":"wp","href":"https:\/\/api.w.org\/{rel}","templated":true}]}}

<div class="fusion-fullwidth fullwidth-box fusion-builder-row-1 fusion-flex-container nonhundred-percent-fullwidth non-hundred-percent-height-scrolling" style="--awb-border-radius-top-left:0px;--awb-border-radius-top-right:0px;--awb-border-radius-bottom-right:0px;--awb-border-radius-bottom-left:0px;--awb-flex-wrap:wrap;" ><div class="fusion-builder-row fusion-row fusion-flex-align-items-flex-start fusion-flex-content-wrap" style="max-width:1248px;margin-left: calc(-4% / 2 );margin-right: calc(-4% / 2 );"><div class="fusion-layout-column fusion_builder_column fusion-builder-column-0 fusion_builder_column_1_1 1_1 fusion-flex-column" style="--awb-bg-size:cover;--awb-width-large:100%;--awb-margin-top-large:0px;--awb-spacing-right-large:1.92%;--awb-margin-bottom-large:20px;--awb-spacing-left-large:1.92%;--awb-width-medium:100%;--awb-order-medium:0;--awb-spacing-right-medium:1.92%;--awb-spacing-left-medium:1.92%;--awb-width-small:100%;--awb-order-small:0;--awb-spacing-right-small:1.92%;--awb-spacing-left-small:1.92%;"><div class="fusion-column-wrapper fusion-column-has-shadow fusion-flex-justify-content-flex-start fusion-content-layout-column"><div class="fusion-title title fusion-title-1 fusion-sep-none fusion-title-text fusion-title-size-four"><h4 class="fusion-title-heading title-heading-left" style="margin:0;">O que é a Fundação do Campo Freudiano? <sup>* **</sup></h4></div><div class="fusion-text fusion-text-1" style="--awb-text-transform:none;"><p style="text-align: justify;"><img decoding="async" class="size-fusion-400 wp-image-1412 alignleft" src="https://fapol.org/pt/wp-content/uploads/sites/2/2021/05/Judith-Miller-400x514.jpeg" alt="" width="400" height="514" /><span class="fusion-highlight custom-textcolor highlight1 awb-highlight-background" style="--awb-color:#65bc7b;--awb-text-color:#ffffff;">O que é a Fundação do Campo Freudiano? </span> É um significante, e nada mais. É um significante depositado por Jacques Lacan em fevereiro de 1979, e do qual mantive a custódia. Mas não para guardá-lo trancado com chave. Ao contrário.</p>
<p style="text-align: justify;">É um significante que está à disposição de todos aqueles, conhecidos ou desconhecidos, que, através do mundo, se dedicam ao ensino de Lacan, e tentam prosseguir com ele, em seus países, em suas línguas, em suas culturas.</p>
<p style="text-align: justify;">É muito pouco dizer que a organização da Fundação tem a maior flexibilidade. Na verdade, a Fundação está totalmente disponível. Ela está aberta às iniciativas e às inovações, até as solicita, mesmo que sejam aqueles que as proponham, aqueles que também as realizem. Da Fundação, não se recebe mais do que aquilo o que você contribui. É o que poderíamos chamar de sua &#8220;militância&#8221;, se a palavra não aterrorizasse o Campo Freudiano: então, falemos de sua seriedade.</p>
<p style="text-align: justify;">A Fundação se desenvolve sem plano pré-concebido, senão aquele de favorecer em todos os lugares, e sem sectarismo, o trabalho dos alunos e leitores de Lacan e, ali onde seja possível, sua solidariedade. Aqui, a experiência de uma prática de formação permanente faz nascer o Colégio Freudiano. Lá, uma convocação produz a série de Encontros Internacionais. Tal conferência desemboca na instituição de um seminário; outra, em uma publicação que, em breve, será traduzida. Sem plano então, mas não sem princípios, a Fundação se desenvolve em rede, e pudemos dizer que não tem dentro, que a sua vocação se desenvolve inteiramente fora de si mesma.</p>
<p style="text-align: justify;">Vista por outro ângulo, é amigável: nos conhecemos, aprendemos a nos conhecer, confiamos uns nos outros. Temos o sentimento de que o ensino de Lacan, ainda é, sempre um combate, que não está vencido, que não há louros em que descansar e que a aposta é a própria orientação da psicanálise para os tempos que virão.</p>
<p style="text-align: justify;">Certamente, a Fundação não pode tudo. Ela sustenta, estimula, faz eco, tece incansavelmente os laços múltiplos, põe em contato, às vezes reluz. Mas não substitui as associações psicanalíticas que têm a tarefa, em seu nível, de administrar a experiência, e que o fazem de forma não estandardizada, como implica sua referência a Lacan.</p>
<p style="text-align: justify;">Teremos entendido: esta surpreendente Fundação é o que vem no lugar, no Campo Freudiano, daquela Internacional que Jacques Lacan, ao contrário de Freud, não quis criar.</p>
<p style="text-align: justify;">Este volume, que reúne documentos recentes, é feito para “dar ideias” aos amigos, agora tão numerosos, da Fundação. O panorama que ele apresenta, aposto que, no futuro, será mais estendido e mais complexo.</p>
<p style="text-align: justify;"><strong>Judith Miller</strong></p>
<p style="text-align: justify;">Tradução: Rogério Barros</p>
<hr />
<p style="text-align: justify;">[*] Este texto foi publicado com a amável autorização de Eve Miller-Ros.</p>
<p style="text-align: justify;">[**] Este texto foi inicialmente publicado como prefácio da revista Analytica, n. 44, Paris, Navarin éditeur, 1986.</p>
</div><div class="fusion-separator fusion-full-width-sep" style="align-self: center;margin-left: auto;margin-right: auto;margin-top:10px;margin-bottom:10px;width:100%;"></div><div style="text-align:right;"><a class="fusion-button button-flat fusion-button-default-size button-default fusion-button-default button-1 fusion-button-default-span fusion-button-default-type" target="_blank" rel="noopener noreferrer" href="https://www.wapol.org/es/campo_freudiano/Template.asp"><span class="fusion-button-text">MÁS INFORMACIÓN</span></a></div></div></div></div></div>
