{"id":6152,"date":"2021-05-12T22:36:22","date_gmt":"2021-05-13T01:36:22","guid":{"rendered":"https:\/\/fapol.org\/redes\/red-de-psicoanalisis-aplicado\/actividades\/"},"modified":"2024-12-14T09:26:09","modified_gmt":"2024-12-14T12:26:09","slug":"atividades","status":"publish","type":"page","link":"https:\/\/fapol.org\/pt-br\/redes\/rpa-rede-de-psicanalise-aplicada\/atividades\/","title":{"rendered":"Atividades"},"content":{"rendered":"<div class=\"fusion-fullwidth fullwidth-box fusion-builder-row-1 fusion-flex-container nonhundred-percent-fullwidth non-hundred-percent-height-scrolling\" style=\"--awb-border-radius-top-left:0px;--awb-border-radius-top-right:0px;--awb-border-radius-bottom-right:0px;--awb-border-radius-bottom-left:0px;--awb-flex-wrap:wrap;\" ><div class=\"fusion-builder-row fusion-row fusion-flex-align-items-flex-start fusion-flex-content-wrap\" style=\"max-width:1248px;margin-left: calc(-4% \/ 2 );margin-right: calc(-4% \/ 2 );\"><div class=\"fusion-layout-column fusion_builder_column fusion-builder-column-0 fusion_builder_column_1_1 1_1 fusion-flex-column\" style=\"--awb-bg-size:cover;--awb-width-large:100%;--awb-margin-top-large:0px;--awb-spacing-right-large:1.92%;--awb-margin-bottom-large:20px;--awb-spacing-left-large:1.92%;--awb-width-medium:100%;--awb-order-medium:0;--awb-spacing-right-medium:1.92%;--awb-spacing-left-medium:1.92%;--awb-width-small:100%;--awb-order-small:0;--awb-spacing-right-small:1.92%;--awb-spacing-left-small:1.92%;\"><div class=\"fusion-column-wrapper fusion-column-has-shadow fusion-flex-justify-content-flex-start fusion-content-layout-column\"><style type=\"text\/css\">.fusion-portfolio-wrapper#fusion-portfolio-1 .fusion-portfolio-content{ padding: 25px 25px 25px 25px; text-align: left; }<\/style><div class=\"fusion-recent-works fusion-portfolio-element fusion-portfolio fusion-portfolio-1 fusion-portfolio-grid fusion-portfolio-paging-load-more-button fusion-portfolio-two fusion-portfolio-boxed fusion-portfolio-text fusion-portfolio-equal-heights fusion-portfolio-rollover fusion-animated\" data-id=\"-rw-1\" data-columns=\"two\" data-animationType=\"slideInUp\" data-animationDuration=\"1.2\" data-animationOffset=\"top-into-view\"><style type=\"text\/css\">.fusion-portfolio-1 .fusion-portfolio-wrapper .fusion-col-spacing{padding:10px;}<\/style><div class=\"fusion-portfolio-wrapper\" id=\"fusion-portfolio-1\" data-picturesize=\"fixed\" data-pages=\"1\" style=\"margin:-10px;\"><article id=\"portfolio-1-post-7413\" class=\"fusion-portfolio-post actividades-rpa-pt-br fusion-col-spacing post-7413\"><div class=\"fusion-portfolio-content-wrapper\" style=\"border:1px solid #ffffff;border-bottom-width:3px;background-color:rgba(255,255,255,1);\"><span class=\"vcard rich-snippet-hidden\"><span class=\"fn\"><a href=\"https:\/\/fapol.org\/pt-br\/blog\/author\/brunosenna\/\" title=\"Posts de brunosenna\" rel=\"author\">brunosenna<\/a><\/span><\/span><span class=\"updated rich-snippet-hidden\">2025-12-03T10:59:32-03:00<\/span><div  class=\"fusion-image-wrapper fusion-image-size-fixed\" aria-haspopup=\"true\">\n\t\t\t\t<img decoding=\"async\" width=\"460\" height=\"295\" src=\"https:\/\/fapol.org\/wp-content\/uploads\/2025\/12\/CARTAZ-RPA_RPA-FEED-1080-1080-copy-460x295.png\" class=\"attachment-portfolio-two size-portfolio-two wp-post-image\" alt=\"\" \/><div class=\"fusion-rollover\">\n\t<div class=\"fusion-rollover-content\">\n\n\t\t\t\t\t\t\t\t\t\t\t\t\t\t<a class=\"fusion-rollover-link\" href=\"https:\/\/fapol.org\/pt-br\/blog\/portfolio-items\/rpa-fapol-falar-o-traumatico-hablar-lo-traumatico-conversacao-conversacion-con-ricardo-seldes\/?portfolioCats=96\">RPA FAPOL &#8211; Falar o traum\u00e1tico | Hablar lo traum\u00e1tico &#8211; Conversa\u00e7\u00e3o\/Conversaci\u00f3n con Ricardo Seldes<\/a>\n\t\t\t\n\t\t\t\t\t\t\t\t\n\t\t\n\t\t\t\t\t\t\t\t\n\t\t\t\t\t\t\t\t\n\t\t\n\t\t\t\t\t\t<a class=\"fusion-link-wrapper\" href=\"https:\/\/fapol.org\/pt-br\/blog\/portfolio-items\/rpa-fapol-falar-o-traumatico-hablar-lo-traumatico-conversacao-conversacion-con-ricardo-seldes\/?portfolioCats=96\" aria-label=\"RPA FAPOL &#8211; Falar o traum\u00e1tico | Hablar lo traum\u00e1tico &#8211; Conversa\u00e7\u00e3o\/Conversaci\u00f3n con Ricardo Seldes\"><\/a>\n\t<\/div>\n<\/div>\n<\/div>\n<div class=\"fusion-portfolio-content\" style=\"background-color:rgba(255,255,255,1);\"><h2 class=\"entry-title fusion-post-title\"><a href=\"https:\/\/fapol.org\/pt-br\/blog\/portfolio-items\/rpa-fapol-falar-o-traumatico-hablar-lo-traumatico-conversacao-conversacion-con-ricardo-seldes\/?portfolioCats=96\">RPA FAPOL &#8211; Falar o traum\u00e1tico | Hablar lo traum\u00e1tico &#8211; Conversa\u00e7\u00e3o\/Conversaci\u00f3n con Ricardo Seldes<\/a><\/h2><div class=\"fusion-content-sep sep-double sep-solid\" style=\"border-color:#e2e2e2;\"><\/div><div class=\"fusion-post-content\"><p> https:\/\/youtu.be\/fO5hAE4LfqA    <\/p><\/div><\/div><\/div><\/article><article id=\"portfolio-1-post-7367\" class=\"fusion-portfolio-post actividades-rpa-pt-br fusion-col-spacing post-7367\"><div class=\"fusion-portfolio-content-wrapper\" style=\"border:1px solid #ffffff;border-bottom-width:3px;background-color:rgba(255,255,255,1);\"><span class=\"vcard rich-snippet-hidden\"><span class=\"fn\"><a href=\"https:\/\/fapol.org\/pt-br\/blog\/author\/brunosenna\/\" title=\"Posts de brunosenna\" rel=\"author\">brunosenna<\/a><\/span><\/span><span class=\"updated rich-snippet-hidden\">2025-06-27T14:39:50-03:00<\/span><div  class=\"fusion-image-wrapper fusion-image-size-fixed\" aria-haspopup=\"true\">\n\t\t\t\t<img decoding=\"async\" width=\"460\" height=\"295\" src=\"https:\/\/fapol.org\/wp-content\/uploads\/2025\/05\/RPA2025-01-460x295.jpg\" class=\"attachment-portfolio-two size-portfolio-two wp-post-image\" alt=\"\" \/><div class=\"fusion-rollover\">\n\t<div class=\"fusion-rollover-content\">\n\n\t\t\t\t\t\t\t\t\t\t\t\t\t\t<a class=\"fusion-rollover-link\" href=\"https:\/\/fapol.org\/pt-br\/blog\/portfolio-items\/hablar-de-lo-traumatico-falar-do-traumatico\/?portfolioCats=96\">Hablar de lo traum\u00e1tico \/ Falar do traum\u00e1tico<\/a>\n\t\t\t\n\t\t\t\t\t\t\t\t\n\t\t\n\t\t\t\t\t\t\t\t\n\t\t\t\t\t\t\t\t\n\t\t\n\t\t\t\t\t\t<a class=\"fusion-link-wrapper\" href=\"https:\/\/fapol.org\/pt-br\/blog\/portfolio-items\/hablar-de-lo-traumatico-falar-do-traumatico\/?portfolioCats=96\" aria-label=\"Hablar de lo traum\u00e1tico \/ Falar do traum\u00e1tico\"><\/a>\n\t<\/div>\n<\/div>\n<\/div>\n<div class=\"fusion-portfolio-content\" style=\"background-color:rgba(255,255,255,1);\"><h2 class=\"entry-title fusion-post-title\"><a href=\"https:\/\/fapol.org\/pt-br\/blog\/portfolio-items\/hablar-de-lo-traumatico-falar-do-traumatico\/?portfolioCats=96\">Hablar de lo traum\u00e1tico \/ Falar do traum\u00e1tico<\/a><\/h2><div class=\"fusion-content-sep sep-double sep-solid\" style=\"border-color:#e2e2e2;\"><\/div><div class=\"fusion-post-content\"><p> CONVOCATORIA RPA 2025 Hablar de lo traum\u00e1tico\u00a0 La pregunta por \u201cqu\u00e9 es lo que  [...]<\/p><\/div><\/div><\/div><\/article><article id=\"portfolio-1-post-6282\" class=\"fusion-portfolio-post actividades-rpa-pt-br inicio-pt-br redes-pt-br rpa-pt-br fusion-col-spacing post-6282\"><div class=\"fusion-portfolio-content-wrapper\" style=\"border:1px solid #ffffff;border-bottom-width:3px;background-color:rgba(255,255,255,1);\"><span class=\"vcard rich-snippet-hidden\"><span class=\"fn\"><a href=\"https:\/\/fapol.org\/pt-br\/blog\/author\/gonzalozabala\/\" title=\"Posts de gonzalozabala\" rel=\"author\">gonzalozabala<\/a><\/span><\/span><span class=\"updated rich-snippet-hidden\">2024-12-16T16:09:06-03:00<\/span><div  class=\"fusion-image-wrapper fusion-image-size-fixed\" aria-haspopup=\"true\">\n\t\t\t\t<img decoding=\"async\" width=\"460\" height=\"295\" src=\"https:\/\/fapol.org\/wp-content\/uploads\/2023\/09\/RED_Conv2_PT-800x1422-1-460x295.jpg\" class=\"attachment-portfolio-two size-portfolio-two wp-post-image\" alt=\"\" \/><div class=\"fusion-rollover\">\n\t<div class=\"fusion-rollover-content\">\n\n\t\t\t\t\t\t\t\t\t\t\t\t\t\t<a class=\"fusion-rollover-link\" href=\"https:\/\/fapol.org\/pt-br\/blog\/portfolio-items\/conversacao-da-rede-de-psicanalise\/?portfolioCats=96\">Conversa\u00e7\u00e3o da Rede de Psican\u00e1lise<\/a>\n\t\t\t\n\t\t\t\t\t\t\t\t\n\t\t\n\t\t\t\t\t\t\t\t\n\t\t\t\t\t\t\t\t\n\t\t\n\t\t\t\t\t\t<a class=\"fusion-link-wrapper\" href=\"https:\/\/fapol.org\/pt-br\/blog\/portfolio-items\/conversacao-da-rede-de-psicanalise\/?portfolioCats=96\" aria-label=\"Conversa\u00e7\u00e3o da Rede de Psican\u00e1lise\"><\/a>\n\t<\/div>\n<\/div>\n<\/div>\n<div class=\"fusion-portfolio-content\" style=\"background-color:rgba(255,255,255,1);\"><h2 class=\"entry-title fusion-post-title\"><a href=\"https:\/\/fapol.org\/pt-br\/blog\/portfolio-items\/conversacao-da-rede-de-psicanalise\/?portfolioCats=96\">Conversa\u00e7\u00e3o da Rede de Psican\u00e1lise<\/a><\/h2><div class=\"fusion-content-sep sep-double sep-solid\" style=\"border-color:#e2e2e2;\"><\/div><div class=\"fusion-post-content\"><p> Queridos colegas: Temos alegria de convid\u00e1-los para a Conversa\u00e7\u00e3o da Rede de Psican\u00e1lise\u00a0 da  [...]<\/p><\/div><\/div><\/div><\/article><article id=\"portfolio-1-post-6469\" class=\"fusion-portfolio-post actividades-rpa-pt-br rpa-pt-br fusion-col-spacing post-6469\"><div class=\"fusion-portfolio-content-wrapper\" style=\"border:1px solid #ffffff;border-bottom-width:3px;background-color:rgba(255,255,255,1);\"><span class=\"vcard rich-snippet-hidden\"><span class=\"fn\"><a href=\"https:\/\/fapol.org\/pt-br\/blog\/author\/gonzalozabala\/\" title=\"Posts de gonzalozabala\" rel=\"author\">gonzalozabala<\/a><\/span><\/span><span class=\"updated rich-snippet-hidden\">2024-12-16T17:24:53-03:00<\/span><div  class=\"fusion-image-wrapper fusion-image-size-fixed\" aria-haspopup=\"true\">\n\t\t\t\t<img decoding=\"async\" width=\"460\" height=\"295\" src=\"https:\/\/fapol.org\/wp-content\/uploads\/2021\/05\/186480879_3989430187810262_1833386838635646072_n-800x817-1-460x295.jpg\" class=\"attachment-portfolio-two size-portfolio-two wp-post-image\" alt=\"\" \/><div class=\"fusion-rollover\">\n\t<div class=\"fusion-rollover-content\">\n\n\t\t\t\t\t\t\t\t\t\t\t\t\t\t<a class=\"fusion-rollover-link\" href=\"https:\/\/fapol.org\/pt-br\/blog\/portfolio-items\/psicoanalisis-aplicado-el-discurso-analitico-en-la-institucion-resonancias-impasses\/?portfolioCats=96\">Psicoan\u00e1lisis Aplicado. El discurso anal\u00edtico en la instituci\u00f3n: resonancias &#8211; impasses<\/a>\n\t\t\t\n\t\t\t\t\t\t\t\t\n\t\t\n\t\t\t\t\t\t\t\t\n\t\t\t\t\t\t\t\t\n\t\t\n\t\t\t\t\t\t<a class=\"fusion-link-wrapper\" href=\"https:\/\/fapol.org\/pt-br\/blog\/portfolio-items\/psicoanalisis-aplicado-el-discurso-analitico-en-la-institucion-resonancias-impasses\/?portfolioCats=96\" aria-label=\"Psicoan\u00e1lisis Aplicado. El discurso anal\u00edtico en la instituci\u00f3n: resonancias &#8211; impasses\"><\/a>\n\t<\/div>\n<\/div>\n<\/div>\n<div class=\"fusion-portfolio-content\" style=\"background-color:rgba(255,255,255,1);\"><h2 class=\"entry-title fusion-post-title\"><a href=\"https:\/\/fapol.org\/pt-br\/blog\/portfolio-items\/psicoanalisis-aplicado-el-discurso-analitico-en-la-institucion-resonancias-impasses\/?portfolioCats=96\">Psicoan\u00e1lisis Aplicado. El discurso anal\u00edtico en la instituci\u00f3n: resonancias &#8211; impasses<\/a><\/h2><div class=\"fusion-content-sep sep-double sep-solid\" style=\"border-color:#e2e2e2;\"><\/div><div class=\"fusion-post-content\"><p> PSICOAN\u00c1LISIS APLICADO EL DISCURSO ANAL\u00cdTICO EN LA INSTITUCI\u00d3N RESONANCIAS-IMPASSES La Red de Psicoan\u00e1lisis Aplicado  [...]<\/p><\/div><\/div><\/div><\/article><\/div><\/div><\/div><\/div><\/div><\/div>\n","protected":false},"excerpt":{"rendered":"","protected":false},"author":3,"featured_media":0,"parent":6150,"menu_order":1,"comment_status":"closed","ping_status":"closed","template":"","meta":{"_monsterinsights_skip_tracking":false,"_monsterinsights_sitenote_active":false,"_monsterinsights_sitenote_note":"","_monsterinsights_sitenote_category":0,"footnotes":""},"class_list":["post-6152","page","type-page","status-publish","hentry"],"_links":{"self":[{"href":"https:\/\/fapol.org\/pt-br\/wp-json\/wp\/v2\/pages\/6152","targetHints":{"allow":["GET"]}}],"collection":[{"href":"https:\/\/fapol.org\/pt-br\/wp-json\/wp\/v2\/pages"}],"about":[{"href":"https:\/\/fapol.org\/pt-br\/wp-json\/wp\/v2\/types\/page"}],"author":[{"embeddable":true,"href":"https:\/\/fapol.org\/pt-br\/wp-json\/wp\/v2\/users\/3"}],"replies":[{"embeddable":true,"href":"https:\/\/fapol.org\/pt-br\/wp-json\/wp\/v2\/comments?post=6152"}],"version-history":[{"count":1,"href":"https:\/\/fapol.org\/pt-br\/wp-json\/wp\/v2\/pages\/6152\/revisions"}],"predecessor-version":[{"id":6157,"href":"https:\/\/fapol.org\/pt-br\/wp-json\/wp\/v2\/pages\/6152\/revisions\/6157"}],"up":[{"embeddable":true,"href":"https:\/\/fapol.org\/pt-br\/wp-json\/wp\/v2\/pages\/6150"}],"wp:attachment":[{"href":"https:\/\/fapol.org\/pt-br\/wp-json\/wp\/v2\/media?parent=6152"}],"curies":[{"name":"wp","href":"https:\/\/api.w.org\/{rel}","templated":true}]}}

<div class="fusion-fullwidth fullwidth-box fusion-builder-row-1 fusion-flex-container nonhundred-percent-fullwidth non-hundred-percent-height-scrolling" style="--awb-border-radius-top-left:0px;--awb-border-radius-top-right:0px;--awb-border-radius-bottom-right:0px;--awb-border-radius-bottom-left:0px;--awb-flex-wrap:wrap;" ><div class="fusion-builder-row fusion-row fusion-flex-align-items-flex-start fusion-flex-content-wrap" style="max-width:1248px;margin-left: calc(-4% / 2 );margin-right: calc(-4% / 2 );"><div class="fusion-layout-column fusion_builder_column fusion-builder-column-0 fusion_builder_column_1_1 1_1 fusion-flex-column" style="--awb-bg-size:cover;--awb-width-large:100%;--awb-margin-top-large:0px;--awb-spacing-right-large:1.92%;--awb-margin-bottom-large:20px;--awb-spacing-left-large:1.92%;--awb-width-medium:100%;--awb-order-medium:0;--awb-spacing-right-medium:1.92%;--awb-spacing-left-medium:1.92%;--awb-width-small:100%;--awb-order-small:0;--awb-spacing-right-small:1.92%;--awb-spacing-left-small:1.92%;"><div class="fusion-column-wrapper fusion-column-has-shadow fusion-flex-justify-content-flex-start fusion-content-layout-column"><style type="text/css">.fusion-portfolio-wrapper#fusion-portfolio-1 .fusion-portfolio-content{ padding: 25px 25px 25px 25px; text-align: left; }</style><div class="fusion-recent-works fusion-portfolio-element fusion-portfolio fusion-portfolio-1 fusion-portfolio-grid fusion-portfolio-paging-load-more-button fusion-portfolio-two fusion-portfolio-boxed fusion-portfolio-text fusion-portfolio-equal-heights fusion-portfolio-rollover fusion-animated" data-id="-rw-1" data-columns="two" data-animationType="slideInUp" data-animationDuration="1.2" data-animationOffset="top-into-view"><style type="text/css">.fusion-portfolio-1 .fusion-portfolio-wrapper .fusion-col-spacing{padding:10px;}</style><div class="fusion-portfolio-wrapper" id="fusion-portfolio-1" data-picturesize="fixed" data-pages="1" style="margin:-10px;"><article id="portfolio-1-post-7413" class="fusion-portfolio-post actividades-rpa-pt-br fusion-col-spacing post-7413"><div class="fusion-portfolio-content-wrapper" style="border:1px solid #ffffff;border-bottom-width:3px;background-color:rgba(255,255,255,1);"><span class="vcard rich-snippet-hidden"><span class="fn"><a href="https://fapol.org/pt-br/blog/author/brunosenna/" title="Posts de brunosenna" rel="author">brunosenna</a></span></span><span class="updated rich-snippet-hidden">2025-12-03T10:59:32-03:00</span><div  class="fusion-image-wrapper fusion-image-size-fixed" aria-haspopup="true">
				<img decoding="async" width="460" height="295" src="https://fapol.org/wp-content/uploads/2025/12/CARTAZ-RPA_RPA-FEED-1080-1080-copy-460x295.png" class="attachment-portfolio-two size-portfolio-two wp-post-image" alt="" /><div class="fusion-rollover">
	<div class="fusion-rollover-content">

														<a class="fusion-rollover-link" href="https://fapol.org/pt-br/blog/portfolio-items/rpa-fapol-falar-o-traumatico-hablar-lo-traumatico-conversacao-conversacion-con-ricardo-seldes/?portfolioCats=96">RPA FAPOL &#8211; Falar o traumático | Hablar lo traumático &#8211; Conversação/Conversación con Ricardo Seldes</a>
			
								
		
								
								
		
						<a class="fusion-link-wrapper" href="https://fapol.org/pt-br/blog/portfolio-items/rpa-fapol-falar-o-traumatico-hablar-lo-traumatico-conversacao-conversacion-con-ricardo-seldes/?portfolioCats=96" aria-label="RPA FAPOL &#8211; Falar o traumático | Hablar lo traumático &#8211; Conversação/Conversación con Ricardo Seldes"></a>
	</div>
</div>
</div>
<div class="fusion-portfolio-content" style="background-color:rgba(255,255,255,1);"><h2 class="entry-title fusion-post-title"><a href="https://fapol.org/pt-br/blog/portfolio-items/rpa-fapol-falar-o-traumatico-hablar-lo-traumatico-conversacao-conversacion-con-ricardo-seldes/?portfolioCats=96">RPA FAPOL &#8211; Falar o traumático | Hablar lo traumático &#8211; Conversação/Conversación con Ricardo Seldes</a></h2><div class="fusion-content-sep sep-double sep-solid" style="border-color:#e2e2e2;"></div><div class="fusion-post-content"><p> https://youtu.be/fO5hAE4LfqA    </p></div></div></div></article><article id="portfolio-1-post-7367" class="fusion-portfolio-post actividades-rpa-pt-br fusion-col-spacing post-7367"><div class="fusion-portfolio-content-wrapper" style="border:1px solid #ffffff;border-bottom-width:3px;background-color:rgba(255,255,255,1);"><span class="vcard rich-snippet-hidden"><span class="fn"><a href="https://fapol.org/pt-br/blog/author/brunosenna/" title="Posts de brunosenna" rel="author">brunosenna</a></span></span><span class="updated rich-snippet-hidden">2025-06-27T14:39:50-03:00</span><div  class="fusion-image-wrapper fusion-image-size-fixed" aria-haspopup="true">
				<img decoding="async" width="460" height="295" src="https://fapol.org/wp-content/uploads/2025/05/RPA2025-01-460x295.jpg" class="attachment-portfolio-two size-portfolio-two wp-post-image" alt="" /><div class="fusion-rollover">
	<div class="fusion-rollover-content">

														<a class="fusion-rollover-link" href="https://fapol.org/pt-br/blog/portfolio-items/hablar-de-lo-traumatico-falar-do-traumatico/?portfolioCats=96">Hablar de lo traumático / Falar do traumático</a>
			
								
		
								
								
		
						<a class="fusion-link-wrapper" href="https://fapol.org/pt-br/blog/portfolio-items/hablar-de-lo-traumatico-falar-do-traumatico/?portfolioCats=96" aria-label="Hablar de lo traumático / Falar do traumático"></a>
	</div>
</div>
</div>
<div class="fusion-portfolio-content" style="background-color:rgba(255,255,255,1);"><h2 class="entry-title fusion-post-title"><a href="https://fapol.org/pt-br/blog/portfolio-items/hablar-de-lo-traumatico-falar-do-traumatico/?portfolioCats=96">Hablar de lo traumático / Falar do traumático</a></h2><div class="fusion-content-sep sep-double sep-solid" style="border-color:#e2e2e2;"></div><div class="fusion-post-content"><p> CONVOCATORIA RPA 2025 Hablar de lo traumático  La pregunta por “qué es lo que  [...]</p></div></div></div></article><article id="portfolio-1-post-6282" class="fusion-portfolio-post actividades-rpa-pt-br inicio-pt-br redes-pt-br rpa-pt-br fusion-col-spacing post-6282"><div class="fusion-portfolio-content-wrapper" style="border:1px solid #ffffff;border-bottom-width:3px;background-color:rgba(255,255,255,1);"><span class="vcard rich-snippet-hidden"><span class="fn"><a href="https://fapol.org/pt-br/blog/author/gonzalozabala/" title="Posts de gonzalozabala" rel="author">gonzalozabala</a></span></span><span class="updated rich-snippet-hidden">2024-12-16T16:09:06-03:00</span><div  class="fusion-image-wrapper fusion-image-size-fixed" aria-haspopup="true">
				<img decoding="async" width="460" height="295" src="https://fapol.org/wp-content/uploads/2023/09/RED_Conv2_PT-800x1422-1-460x295.jpg" class="attachment-portfolio-two size-portfolio-two wp-post-image" alt="" /><div class="fusion-rollover">
	<div class="fusion-rollover-content">

														<a class="fusion-rollover-link" href="https://fapol.org/pt-br/blog/portfolio-items/conversacao-da-rede-de-psicanalise/?portfolioCats=96">Conversação da Rede de Psicanálise</a>
			
								
		
								
								
		
						<a class="fusion-link-wrapper" href="https://fapol.org/pt-br/blog/portfolio-items/conversacao-da-rede-de-psicanalise/?portfolioCats=96" aria-label="Conversação da Rede de Psicanálise"></a>
	</div>
</div>
</div>
<div class="fusion-portfolio-content" style="background-color:rgba(255,255,255,1);"><h2 class="entry-title fusion-post-title"><a href="https://fapol.org/pt-br/blog/portfolio-items/conversacao-da-rede-de-psicanalise/?portfolioCats=96">Conversação da Rede de Psicanálise</a></h2><div class="fusion-content-sep sep-double sep-solid" style="border-color:#e2e2e2;"></div><div class="fusion-post-content"><p> Queridos colegas: Temos alegria de convidá-los para a Conversação da Rede de Psicanálise  da  [...]</p></div></div></div></article><article id="portfolio-1-post-6469" class="fusion-portfolio-post actividades-rpa-pt-br rpa-pt-br fusion-col-spacing post-6469"><div class="fusion-portfolio-content-wrapper" style="border:1px solid #ffffff;border-bottom-width:3px;background-color:rgba(255,255,255,1);"><span class="vcard rich-snippet-hidden"><span class="fn"><a href="https://fapol.org/pt-br/blog/author/gonzalozabala/" title="Posts de gonzalozabala" rel="author">gonzalozabala</a></span></span><span class="updated rich-snippet-hidden">2024-12-16T17:24:53-03:00</span><div  class="fusion-image-wrapper fusion-image-size-fixed" aria-haspopup="true">
				<img decoding="async" width="460" height="295" src="https://fapol.org/wp-content/uploads/2021/05/186480879_3989430187810262_1833386838635646072_n-800x817-1-460x295.jpg" class="attachment-portfolio-two size-portfolio-two wp-post-image" alt="" /><div class="fusion-rollover">
	<div class="fusion-rollover-content">

														<a class="fusion-rollover-link" href="https://fapol.org/pt-br/blog/portfolio-items/psicoanalisis-aplicado-el-discurso-analitico-en-la-institucion-resonancias-impasses/?portfolioCats=96">Psicoanálisis Aplicado. El discurso analítico en la institución: resonancias &#8211; impasses</a>
			
								
		
								
								
		
						<a class="fusion-link-wrapper" href="https://fapol.org/pt-br/blog/portfolio-items/psicoanalisis-aplicado-el-discurso-analitico-en-la-institucion-resonancias-impasses/?portfolioCats=96" aria-label="Psicoanálisis Aplicado. El discurso analítico en la institución: resonancias &#8211; impasses"></a>
	</div>
</div>
</div>
<div class="fusion-portfolio-content" style="background-color:rgba(255,255,255,1);"><h2 class="entry-title fusion-post-title"><a href="https://fapol.org/pt-br/blog/portfolio-items/psicoanalisis-aplicado-el-discurso-analitico-en-la-institucion-resonancias-impasses/?portfolioCats=96">Psicoanálisis Aplicado. El discurso analítico en la institución: resonancias &#8211; impasses</a></h2><div class="fusion-content-sep sep-double sep-solid" style="border-color:#e2e2e2;"></div><div class="fusion-post-content"><p> PSICOANÁLISIS APLICADO EL DISCURSO ANALÍTICO EN LA INSTITUCIÓN RESONANCIAS-IMPASSES La Red de Psicoanálisis Aplicado  [...]</p></div></div></div></article></div></div></div></div></div></div>
