{"id":7827,"date":"2026-09-03T20:20:34","date_gmt":"2026-09-03T23:20:34","guid":{"rendered":"https:\/\/fapol.org\/?page_id=7827"},"modified":"2026-09-03T20:20:34","modified_gmt":"2026-09-03T23:20:34","slug":"estado-atual-da-psiquiatria-e-o-lugar-da-psicanalise","status":"publish","type":"page","link":"https:\/\/fapol.org\/pt-br\/observatorios\/estado-atual-da-psiquiatria-e-o-lugar-da-psicanalise\/","title":{"rendered":"Estado atual da psiquiatria e o lugar da psican\u00e1lise"},"content":{"rendered":"<div class=\"fusion-fullwidth fullwidth-box fusion-builder-row-1 fusion-flex-container nonhundred-percent-fullwidth non-hundred-percent-height-scrolling\" style=\"--awb-border-radius-top-left:0px;--awb-border-radius-top-right:0px;--awb-border-radius-bottom-right:0px;--awb-border-radius-bottom-left:0px;--awb-flex-wrap:wrap;\" ><div class=\"fusion-builder-row fusion-row fusion-flex-align-items-stretch fusion-flex-content-wrap\" style=\"max-width:1248px;margin-left: calc(-4% \/ 2 );margin-right: calc(-4% \/ 2 );\"><div class=\"fusion-layout-column fusion_builder_column fusion-builder-column-0 fusion_builder_column_1_1 1_1 fusion-flex-column\" style=\"--awb-bg-size:cover;--awb-width-large:100%;--awb-margin-top-large:0px;--awb-spacing-right-large:1.92%;--awb-margin-bottom-large:20px;--awb-spacing-left-large:1.92%;--awb-width-medium:100%;--awb-order-medium:0;--awb-spacing-right-medium:1.92%;--awb-spacing-left-medium:1.92%;--awb-width-small:100%;--awb-order-small:0;--awb-spacing-right-small:1.92%;--awb-spacing-left-small:1.92%;\"><div class=\"fusion-column-wrapper fusion-column-has-shadow fusion-flex-justify-content-flex-start fusion-content-layout-column\"><div class=\"fusion-text fusion-text-1 fusion-text-no-margin\" style=\"--awb-margin-bottom:20px;\"><p><strong>CITA:<\/strong><\/p>\n<p>\u201cAquele que se p\u00f5e na presen\u00e7a do louco na posi\u00e7\u00e3o do psiquiatra \u00e9, queira ou n\u00e3o, irredutivelmente concernido. Se ele n\u00e3o se sente concernido \u00e9, sendo psicanalista ou n\u00e3o, que ele coloca entre ele e o louco, um certo n\u00famero de barreiras protetoras, outras pessoas que n\u00e3o ele, ou uma ideia que o separe dessa esp\u00e9cie de ser que \u00e9 o louco. [\u2026] Esse concernido toma a forma da ang\u00fastia. [\u2026] O que deveria, para n\u00f3s, constituir o progresso essencial que poderia resultar do fato de que algu\u00e9m psicanalisado se ocupe um dia verdadeiramente do louco\u201d.<\/p>\n<p>Lacan, J. Pequeno discurso aos psiquiatras. Sainte Anne, 10\/11\/1967, in\u00e9dito.<\/p>\n<\/div><div class=\"fusion-content-boxes content-boxes columns row fusion-columns-1 fusion-columns-total-1 fusion-content-boxes-1 content-boxes-icon-on-side content-left cbobservatorio1EBP\" style=\"--awb-margin-top:30px;--awb-hover-accent-color:#fc5079;--awb-circle-hover-accent-color:#fc5079;--awb-item-margin-bottom:40px;\" id=\"cbobservatorio1EBP\" data-animationOffset=\"top-into-view\"><div style=\"--awb-backgroundcolor:#ffffff;--awb-content-padding-left:68px;\" class=\"fusion-column content-box-column content-box-column content-box-column-1 col-lg-12 col-md-12 col-sm-12 fusion-content-box-hover content-box-column-last content-box-column-last-in-row\"><div class=\"col content-box-wrapper content-wrapper-background link-area-link-icon content-icon-wrapper-yes icon-wrapper-hover-animation-pulsate fusion-animated\" data-animationType=\"fadeInDown\" data-animationDuration=\"1.0\" data-animationOffset=\"top-into-view\"><div class=\"heading heading-with-icon icon-left\"><div class=\"icon\"><span style=\"height:46px;width:46px;line-height:24px;border-color:rgba(255,255,255,0);border-width:1px;border-style:solid;background-color:#fc5079;margin-right:20px;box-sizing:content-box;border-radius:50%;\"><i style=\"border-color:#fc5079;border-width:1px;background-color:#fc5079;box-sizing:content-box;height:44px;width:44px;line-height:44px;border-radius:50%;position:relative;top:auto;left:auto;margin:0;border-radius:50%;font-size:22px;\" aria-hidden=\"true\" class=\"fontawesome-icon fa-users fas circle-yes\"><\/i><\/span><\/div><\/div><div class=\"fusion-clearfix\"><\/div><div class=\"content-container\">\n<p><strong>Participantes<\/strong>:<\/p>\n<ul>\n<li>Sebasti\u00e1n Zurita<\/li>\n<li>Cecilia Mintzer<\/li>\n<li>Jos\u00e9 Marcos Moura<\/li>\n<li>M\u00f3nica Larrahondo<\/li>\n<li>Carolina Rovere<\/li>\n<li>Pablo Sauce<\/li>\n<li>Marcela Curi<\/li>\n<li>Diana Ortiz<\/li>\n<li>Betania Elizabeth Xamo<\/li>\n<li>R\u00f4mulo Ferreira da Silva<\/li>\n<li>Yndira Parra<\/li>\n<li>Dennis Ram\u00edrez<\/li>\n<\/ul>\n<p><strong>Lectoras<\/strong>:<\/p>\n<ul>\n<li>Estela Carrera<\/li>\n<li>T\u00e2nia Martins<\/li>\n<li>Aliana Santana<\/li>\n<\/ul>\n<\/div><\/div><\/div><div class=\"fusion-clearfix\"><\/div><\/div><\/div><\/div><\/div><\/div>\n","protected":false},"excerpt":{"rendered":"","protected":false},"author":1,"featured_media":0,"parent":6031,"menu_order":0,"comment_status":"closed","ping_status":"closed","template":"","meta":{"_monsterinsights_skip_tracking":false,"footnotes":""},"class_list":["post-7827","page","type-page","status-publish","hentry"],"_links":{"self":[{"href":"https:\/\/fapol.org\/pt-br\/wp-json\/wp\/v2\/pages\/7827","targetHints":{"allow":["GET"]}}],"collection":[{"href":"https:\/\/fapol.org\/pt-br\/wp-json\/wp\/v2\/pages"}],"about":[{"href":"https:\/\/fapol.org\/pt-br\/wp-json\/wp\/v2\/types\/page"}],"author":[{"embeddable":true,"href":"https:\/\/fapol.org\/pt-br\/wp-json\/wp\/v2\/users\/1"}],"replies":[{"embeddable":true,"href":"https:\/\/fapol.org\/pt-br\/wp-json\/wp\/v2\/comments?post=7827"}],"version-history":[{"count":1,"href":"https:\/\/fapol.org\/pt-br\/wp-json\/wp\/v2\/pages\/7827\/revisions"}],"predecessor-version":[{"id":7828,"href":"https:\/\/fapol.org\/pt-br\/wp-json\/wp\/v2\/pages\/7827\/revisions\/7828"}],"up":[{"embeddable":true,"href":"https:\/\/fapol.org\/pt-br\/wp-json\/wp\/v2\/pages\/6031"}],"wp:attachment":[{"href":"https:\/\/fapol.org\/pt-br\/wp-json\/wp\/v2\/media?parent=7827"}],"curies":[{"name":"wp","href":"https:\/\/api.w.org\/{rel}","templated":true}]}}

Estado atual da psiquiatria e o lugar da psicanálise

<div class="fusion-fullwidth fullwidth-box fusion-builder-row-1 fusion-flex-container nonhundred-percent-fullwidth non-hundred-percent-height-scrolling" style="--awb-border-radius-top-left:0px;--awb-border-radius-top-right:0px;--awb-border-radius-bottom-right:0px;--awb-border-radius-bottom-left:0px;--awb-flex-wrap:wrap;" ><div class="fusion-builder-row fusion-row fusion-flex-align-items-stretch fusion-flex-content-wrap" style="max-width:1248px;margin-left: calc(-4% / 2 );margin-right: calc(-4% / 2 );"><div class="fusion-layout-column fusion_builder_column fusion-builder-column-0 fusion_builder_column_1_1 1_1 fusion-flex-column" style="--awb-bg-size:cover;--awb-width-large:100%;--awb-margin-top-large:0px;--awb-spacing-right-large:1.92%;--awb-margin-bottom-large:20px;--awb-spacing-left-large:1.92%;--awb-width-medium:100%;--awb-order-medium:0;--awb-spacing-right-medium:1.92%;--awb-spacing-left-medium:1.92%;--awb-width-small:100%;--awb-order-small:0;--awb-spacing-right-small:1.92%;--awb-spacing-left-small:1.92%;"><div class="fusion-column-wrapper fusion-column-has-shadow fusion-flex-justify-content-flex-start fusion-content-layout-column"><div class="fusion-text fusion-text-1 fusion-text-no-margin" style="--awb-margin-bottom:20px;"><p><strong>CITA:</strong></p>
<p>“Aquele que se põe na presença do louco na posição do psiquiatra é, queira ou não, irredutivelmente concernido. Se ele não se sente concernido é, sendo psicanalista ou não, que ele coloca entre ele e o louco, um certo número de barreiras protetoras, outras pessoas que não ele, ou uma ideia que o separe dessa espécie de ser que é o louco. […] Esse concernido toma a forma da angústia. […] O que deveria, para nós, constituir o progresso essencial que poderia resultar do fato de que alguém psicanalisado se ocupe um dia verdadeiramente do louco”.</p>
<p>Lacan, J. Pequeno discurso aos psiquiatras. Sainte Anne, 10/11/1967, inédito.</p>
</div><div class="fusion-content-boxes content-boxes columns row fusion-columns-1 fusion-columns-total-1 fusion-content-boxes-1 content-boxes-icon-on-side content-left cbobservatorio1EBP" style="--awb-margin-top:30px;--awb-hover-accent-color:#fc5079;--awb-circle-hover-accent-color:#fc5079;--awb-item-margin-bottom:40px;" id="cbobservatorio1EBP" data-animationOffset="top-into-view"><div style="--awb-backgroundcolor:#ffffff;--awb-content-padding-left:68px;" class="fusion-column content-box-column content-box-column content-box-column-1 col-lg-12 col-md-12 col-sm-12 fusion-content-box-hover content-box-column-last content-box-column-last-in-row"><div class="col content-box-wrapper content-wrapper-background link-area-link-icon content-icon-wrapper-yes icon-wrapper-hover-animation-pulsate fusion-animated" data-animationType="fadeInDown" data-animationDuration="1.0" data-animationOffset="top-into-view"><div class="heading heading-with-icon icon-left"><div class="icon"><span style="height:46px;width:46px;line-height:24px;border-color:rgba(255,255,255,0);border-width:1px;border-style:solid;background-color:#fc5079;margin-right:20px;box-sizing:content-box;border-radius:50%;"><i style="border-color:#fc5079;border-width:1px;background-color:#fc5079;box-sizing:content-box;height:44px;width:44px;line-height:44px;border-radius:50%;position:relative;top:auto;left:auto;margin:0;border-radius:50%;font-size:22px;" aria-hidden="true" class="fontawesome-icon fa-users fas circle-yes"></i></span></div></div><div class="fusion-clearfix"></div><div class="content-container">
<p><strong>Participantes</strong>:</p>
<ul>
<li>Sebastián Zurita</li>
<li>Cecilia Mintzer</li>
<li>José Marcos Moura</li>
<li>Mónica Larrahondo</li>
<li>Carolina Rovere</li>
<li>Pablo Sauce</li>
<li>Marcela Curi</li>
<li>Diana Ortiz</li>
<li>Betania Elizabeth Xamo</li>
<li>Rômulo Ferreira da Silva</li>
<li>Yndira Parra</li>
<li>Dennis Ramírez</li>
</ul>
<p><strong>Lectoras</strong>:</p>
<ul>
<li>Estela Carrera</li>
<li>Tânia Martins</li>
<li>Aliana Santana</li>
</ul>
</div></div></div><div class="fusion-clearfix"></div></div></div></div></div></div>
