{"id":7832,"date":"2026-09-03T20:02:50","date_gmt":"2026-09-03T23:02:50","guid":{"rendered":"https:\/\/fapol.org\/?page_id=7832"},"modified":"2026-09-03T20:26:39","modified_gmt":"2026-09-03T23:26:39","slug":"novas-formas-de-segregacao-manifestacoes-clinicas","status":"publish","type":"page","link":"https:\/\/fapol.org\/pt-br\/observatorios\/novas-formas-de-segregacao-manifestacoes-clinicas\/","title":{"rendered":"Novas formas de segrega\u00e7\u00e3o. Manifesta\u00e7\u00f5es cl\u00ednicas"},"content":{"rendered":"<div class=\"fusion-fullwidth fullwidth-box fusion-builder-row-1 fusion-flex-container nonhundred-percent-fullwidth non-hundred-percent-height-scrolling\" style=\"--awb-border-radius-top-left:0px;--awb-border-radius-top-right:0px;--awb-border-radius-bottom-right:0px;--awb-border-radius-bottom-left:0px;--awb-flex-wrap:wrap;\" ><div class=\"fusion-builder-row fusion-row fusion-flex-align-items-stretch fusion-flex-content-wrap\" style=\"max-width:1248px;margin-left: calc(-4% \/ 2 );margin-right: calc(-4% \/ 2 );\"><div class=\"fusion-layout-column fusion_builder_column fusion-builder-column-0 fusion_builder_column_1_1 1_1 fusion-flex-column\" style=\"--awb-bg-size:cover;--awb-width-large:100%;--awb-margin-top-large:0px;--awb-spacing-right-large:1.92%;--awb-margin-bottom-large:20px;--awb-spacing-left-large:1.92%;--awb-width-medium:100%;--awb-order-medium:0;--awb-spacing-right-medium:1.92%;--awb-spacing-left-medium:1.92%;--awb-width-small:100%;--awb-order-small:0;--awb-spacing-right-small:1.92%;--awb-spacing-left-small:1.92%;\"><div class=\"fusion-column-wrapper fusion-column-has-shadow fusion-flex-justify-content-flex-start fusion-content-layout-column\"><div class=\"fusion-text fusion-text-1 fusion-text-no-margin\" style=\"--awb-margin-bottom:20px;\"><p><strong>CITA\u00c7\u00c3O<\/strong>:<\/p>\n<p>\u201cParece-me que em nossa \u00e9poca o vest\u00edgio, a cicatriz da evapora\u00e7\u00e3o do pai \u00e9 o que poder\u00edamos situar sob a rubrica e o t\u00edtulo geral de segrega\u00e7\u00e3o.<\/p>\n<p>Acreditamos que o universalismo, a comunica\u00e7\u00e3o de nossa civiliza\u00e7\u00e3o homogeneiza as rela\u00e7\u00f5es entre os homens. Eu penso o contr\u00e1rio: que o que caracteriza nosso s\u00e9culo \u2013 e n\u00e3o podemos deixar de perceber isso \u2013 \u00e9 uma segrega\u00e7\u00e3o ramificada, refor\u00e7ada, que se sobrep\u00f5e em todos os graus, e n\u00e3o faz sen\u00e3o multiplicar as barreiras\u201d.<\/p>\n<p>Lacan, J., \u201cNota sobre o pai\u201d, in Op\u00e7\u00e3o Lacaniana, n. 71, S\u00e3o Paulo, novembro de 2015, p. 7.<\/p>\n<\/div><div class=\"fusion-content-boxes content-boxes columns row fusion-columns-1 fusion-columns-total-1 fusion-content-boxes-1 content-boxes-icon-on-side content-left cbobservatorio1EBP\" style=\"--awb-margin-top:30px;--awb-hover-accent-color:#fc5079;--awb-circle-hover-accent-color:#fc5079;--awb-item-margin-bottom:40px;\" id=\"cbobservatorio1EBP\" data-animationOffset=\"top-into-view\"><div style=\"--awb-backgroundcolor:#ffffff;--awb-content-padding-left:68px;\" class=\"fusion-column content-box-column content-box-column content-box-column-1 col-lg-12 col-md-12 col-sm-12 fusion-content-box-hover content-box-column-last content-box-column-last-in-row\"><div class=\"col content-box-wrapper content-wrapper-background link-area-link-icon content-icon-wrapper-yes icon-wrapper-hover-animation-pulsate fusion-animated\" data-animationType=\"fadeInDown\" data-animationDuration=\"1.0\" data-animationOffset=\"top-into-view\"><div class=\"heading heading-with-icon icon-left\"><div class=\"icon\"><span style=\"height:46px;width:46px;line-height:24px;border-color:rgba(255,255,255,0);border-width:1px;border-style:solid;background-color:#fc5079;margin-right:20px;box-sizing:content-box;border-radius:50%;\"><i style=\"border-color:#fc5079;border-width:1px;background-color:#fc5079;box-sizing:content-box;height:44px;width:44px;line-height:44px;border-radius:50%;position:relative;top:auto;left:auto;margin:0;border-radius:50%;font-size:22px;\" aria-hidden=\"true\" class=\"fontawesome-icon fa-users fas circle-yes\"><\/i><\/span><\/div><\/div><div class=\"fusion-clearfix\"><\/div><div class=\"content-container\">\n<p><strong>Participantes<\/strong>:<\/p>\n<ul>\n<li>Silvana Di Rienzo<\/li>\n<li>Lesly Rodr\u00edguez<\/li>\n<li>Zulma Juchani<\/li>\n<li>Robinzon Caicedo<\/li>\n<li>Jazm\u00edn Torregiani<\/li>\n<li>Mar\u00eda Luz Quenardelle<\/li>\n<li>Gloria Casado<\/li>\n<li>Ana Luc\u00eda Soler<\/li>\n<li>Ludmilla Feres Faria<\/li>\n<li>Milena Vicari Crastelo<\/li>\n<li>Marina Cursino<\/li>\n<li>Mauro Agosti<\/li>\n<\/ul>\n<p><strong>Leitores<\/strong>:<\/p>\n<ul>\n<li>Ana Mar\u00eda Solis<\/li>\n<li>Irene Greiser<\/li>\n<li>Marcus Andr\u00e9 Vieira<\/li>\n<\/ul>\n<\/div><\/div><\/div><div class=\"fusion-clearfix\"><\/div><\/div><\/div><\/div><\/div><\/div>\n","protected":false},"excerpt":{"rendered":"","protected":false},"author":1,"featured_media":0,"parent":6031,"menu_order":0,"comment_status":"closed","ping_status":"closed","template":"","meta":{"_monsterinsights_skip_tracking":false,"footnotes":""},"class_list":["post-7832","page","type-page","status-publish","hentry"],"_links":{"self":[{"href":"https:\/\/fapol.org\/pt-br\/wp-json\/wp\/v2\/pages\/7832","targetHints":{"allow":["GET"]}}],"collection":[{"href":"https:\/\/fapol.org\/pt-br\/wp-json\/wp\/v2\/pages"}],"about":[{"href":"https:\/\/fapol.org\/pt-br\/wp-json\/wp\/v2\/types\/page"}],"author":[{"embeddable":true,"href":"https:\/\/fapol.org\/pt-br\/wp-json\/wp\/v2\/users\/1"}],"replies":[{"embeddable":true,"href":"https:\/\/fapol.org\/pt-br\/wp-json\/wp\/v2\/comments?post=7832"}],"version-history":[{"count":1,"href":"https:\/\/fapol.org\/pt-br\/wp-json\/wp\/v2\/pages\/7832\/revisions"}],"predecessor-version":[{"id":7833,"href":"https:\/\/fapol.org\/pt-br\/wp-json\/wp\/v2\/pages\/7832\/revisions\/7833"}],"up":[{"embeddable":true,"href":"https:\/\/fapol.org\/pt-br\/wp-json\/wp\/v2\/pages\/6031"}],"wp:attachment":[{"href":"https:\/\/fapol.org\/pt-br\/wp-json\/wp\/v2\/media?parent=7832"}],"curies":[{"name":"wp","href":"https:\/\/api.w.org\/{rel}","templated":true}]}}

Novas formas de segregação. Manifestações clínicas

<div class="fusion-fullwidth fullwidth-box fusion-builder-row-1 fusion-flex-container nonhundred-percent-fullwidth non-hundred-percent-height-scrolling" style="--awb-border-radius-top-left:0px;--awb-border-radius-top-right:0px;--awb-border-radius-bottom-right:0px;--awb-border-radius-bottom-left:0px;--awb-flex-wrap:wrap;" ><div class="fusion-builder-row fusion-row fusion-flex-align-items-stretch fusion-flex-content-wrap" style="max-width:1248px;margin-left: calc(-4% / 2 );margin-right: calc(-4% / 2 );"><div class="fusion-layout-column fusion_builder_column fusion-builder-column-0 fusion_builder_column_1_1 1_1 fusion-flex-column" style="--awb-bg-size:cover;--awb-width-large:100%;--awb-margin-top-large:0px;--awb-spacing-right-large:1.92%;--awb-margin-bottom-large:20px;--awb-spacing-left-large:1.92%;--awb-width-medium:100%;--awb-order-medium:0;--awb-spacing-right-medium:1.92%;--awb-spacing-left-medium:1.92%;--awb-width-small:100%;--awb-order-small:0;--awb-spacing-right-small:1.92%;--awb-spacing-left-small:1.92%;"><div class="fusion-column-wrapper fusion-column-has-shadow fusion-flex-justify-content-flex-start fusion-content-layout-column"><div class="fusion-text fusion-text-1 fusion-text-no-margin" style="--awb-margin-bottom:20px;"><p><strong>CITAÇÃO</strong>:</p>
<p>“Parece-me que em nossa época o vestígio, a cicatriz da evaporação do pai é o que poderíamos situar sob a rubrica e o título geral de segregação.</p>
<p>Acreditamos que o universalismo, a comunicação de nossa civilização homogeneiza as relações entre os homens. Eu penso o contrário: que o que caracteriza nosso século – e não podemos deixar de perceber isso – é uma segregação ramificada, reforçada, que se sobrepõe em todos os graus, e não faz senão multiplicar as barreiras”.</p>
<p>Lacan, J., “Nota sobre o pai”, in Opção Lacaniana, n. 71, São Paulo, novembro de 2015, p. 7.</p>
</div><div class="fusion-content-boxes content-boxes columns row fusion-columns-1 fusion-columns-total-1 fusion-content-boxes-1 content-boxes-icon-on-side content-left cbobservatorio1EBP" style="--awb-margin-top:30px;--awb-hover-accent-color:#fc5079;--awb-circle-hover-accent-color:#fc5079;--awb-item-margin-bottom:40px;" id="cbobservatorio1EBP" data-animationOffset="top-into-view"><div style="--awb-backgroundcolor:#ffffff;--awb-content-padding-left:68px;" class="fusion-column content-box-column content-box-column content-box-column-1 col-lg-12 col-md-12 col-sm-12 fusion-content-box-hover content-box-column-last content-box-column-last-in-row"><div class="col content-box-wrapper content-wrapper-background link-area-link-icon content-icon-wrapper-yes icon-wrapper-hover-animation-pulsate fusion-animated" data-animationType="fadeInDown" data-animationDuration="1.0" data-animationOffset="top-into-view"><div class="heading heading-with-icon icon-left"><div class="icon"><span style="height:46px;width:46px;line-height:24px;border-color:rgba(255,255,255,0);border-width:1px;border-style:solid;background-color:#fc5079;margin-right:20px;box-sizing:content-box;border-radius:50%;"><i style="border-color:#fc5079;border-width:1px;background-color:#fc5079;box-sizing:content-box;height:44px;width:44px;line-height:44px;border-radius:50%;position:relative;top:auto;left:auto;margin:0;border-radius:50%;font-size:22px;" aria-hidden="true" class="fontawesome-icon fa-users fas circle-yes"></i></span></div></div><div class="fusion-clearfix"></div><div class="content-container">
<p><strong>Participantes</strong>:</p>
<ul>
<li>Silvana Di Rienzo</li>
<li>Lesly Rodríguez</li>
<li>Zulma Juchani</li>
<li>Robinzon Caicedo</li>
<li>Jazmín Torregiani</li>
<li>María Luz Quenardelle</li>
<li>Gloria Casado</li>
<li>Ana Lucía Soler</li>
<li>Ludmilla Feres Faria</li>
<li>Milena Vicari Crastelo</li>
<li>Marina Cursino</li>
<li>Mauro Agosti</li>
</ul>
<p><strong>Leitores</strong>:</p>
<ul>
<li>Ana María Solis</li>
<li>Irene Greiser</li>
<li>Marcus André Vieira</li>
</ul>
</div></div></div><div class="fusion-clearfix"></div></div></div></div></div></div>
